{"id":11154,"date":"2025-01-13T14:11:50","date_gmt":"2025-01-13T14:11:50","guid":{"rendered":"https:\/\/aivlisoft.com\/?post_type=product&#038;p=11154"},"modified":"2025-01-14T10:56:30","modified_gmt":"2025-01-14T10:56:30","slug":"logitech-prodigy-g213-teclado-gaming-usb-rgb","status":"publish","type":"product","link":"https:\/\/aivlisoft.net\/shop\/producto\/logitech-prodigy-g213-teclado-gaming-usb-rgb\/","title":{"rendered":"Logitech Prodigy G213 Teclado Gaming USB RGB"},"content":{"rendered":"<p><strong>RENDIMIENTO PARA GAMING<\/strong><br \/>El teclado G213 para gaming est&aacute; dotado de teclas Logitech G Mech-Dome ajustadas especialmente para ofrecer una respuesta t&aacute;ctil superior y un perfil de rendimiento global similar al de un teclado mec&aacute;nico. Las teclas Mech-Dome tienen una altura est&aacute;ndar, ofrecen un recorrido total de 4 mm, una fuerza de actuaci&oacute;n de 50 g y un funcionamiento silencioso.<\/p>\n<p><strong>RGB LIGHTSYNC<\/strong><br \/>G213 tiene cinco zonas de iluminaci&oacute;n individuales, cada una de ellas personalizable en una paleta de aproximadamente 16,8 millones de colores y distintos niveles de brillo, a juego con tu estilo personal, el sistema o el entorno. La tecnolog&iacute;a LIGHTSYNC proporciona iluminaci&oacute;n de pr&oacute;xima generaci&oacute;n que sincroniza la iluminaci&oacute;n y los perfiles del juego con tu contenido. Personal&iacute;zalo todo de forma r&aacute;pida y sencilla con Logitech G HUB.<\/p>\n<p><strong>RESISTENTE A SALPICADURAS Y DURADERO<\/strong><br \/>La membrana y el armaz&oacute;n de teclas de G213 se han dise&ntilde;ado teniendo en cuenta la realidad de uso, por eso ofrece resistencia a salpicaduras probada con hasta 60 ml de l&iacute;quido. El resultado es un teclado listo para afrontar los avatares del gaming cotidiano.<\/p>\n<p><strong>REPOSAMANOS INTEGRADO Y PATAS AJUSTABLES<\/strong><br \/>El ajuste de &aacute;ngulo en dos niveles te permite colocar el teclado tal y como quieres, mientras el reposamanos integrado alivia la incomodidad o la fatiga, para que puedas seguir jugando c&oacute;modamente ronda tras ronda.<\/p>\n<p><strong>CONTROLES MULTIMEDIA<\/strong><br \/>Los controles multimedia de G213 permiten reproducir, poner en pausa y silenciar m&uacute;sica y v&iacute;deos al instante. Ajusta el volumen o salta a la siguiente canci&oacute;n con s&oacute;lo pulsar un bot&oacute;n.<\/p>\n<p><strong>PERSONALIZA CON LOGITECH G HUB<\/strong><br \/>G HUB permite personalizar G213, para un uso m&aacute;s pr&aacute;ctico y exclusivo. Puedes configurar la iluminaci&oacute;n RGB, ahorrar tiempo asignando varias funciones a ciertas teclas y mucho m&aacute;s.<\/p>\n<table class=\"tabla_caracteristicas k-table\" width=\"100%\">\n<tbody>\n<tr>\n<td><strong>Marca<\/strong><\/td>\n<td>Logitech<\/td>\n<\/tr>\n<tr>\n<td><strong>Modelo<\/strong><\/td>\n<td>G403 Prodigy<br \/>(<strong>910-004825<\/strong><strong><\/strong>)<\/td>\n<\/tr>\n<tr>\n<td><strong>Tipo<\/strong><\/td>\n<td>&#8211; Teclado con cable<\/td>\n<\/tr>\n<tr>\n<td><strong>Conexi&oacute;n<\/strong><\/td>\n<td>&#8211; USB 2.0<\/td>\n<\/tr>\n<tr>\n<td valign=\"top\">\n<div><strong>Otras <\/strong><\/div>\n<div><strong>Caracter&iacute;sticas<\/strong><\/div>\n<\/td>\n<td>&#8211; Indicadores luminosos (LED): S&iacute;<br \/>&#8211; Retroiluminaci&oacute;n: RGB (5 zonas)<br \/>&#8211; Longitud de cable (alimentaci&oacute;n\/carga): 1,8 M<br \/>&#8211; Altura: 218 mm<br \/>&#8211; Anchura: 452 mm<br \/>&#8211; Profundidad: 33 mm<br \/>&#8211; Peso: 1000 g<br \/><strong>Resistente a salpicaduras<\/strong><br \/>&#8211; Probado con resistencia a derrames de 60 ml<br \/><strong>Requisitos del sistema<\/strong><br \/>&#8211; Windows&reg; 7 o posteriores<br \/>&#8211; Puerto USB<br \/><strong>Contenido<\/strong><br \/>&#8211; Teclado<br \/>&#8211; Documentaci&oacute;n del usuario<\/td>\n<\/tr>\n<tr>\n<td><strong>Fecha Revisi&oacute;n<\/strong><\/td>\n<td>17-06-2019 por MSB<\/td>\n<\/tr>\n<\/tbody>\n<\/table>\n","protected":false},"excerpt":{"rendered":"<p>RENDIMIENTO PARA GAMINGEl teclado G213 para gaming est&aacute; dotado de teclas Logitech G Mech-Dome ajustadas especialmente para ofrecer una respuesta t&aacute;ctil superior y un perfil de rendimiento global similar al de un teclado mec&aacute;nico. Las teclas Mech-Dome tienen una altura est&aacute;ndar, ofrecen un recorrido total de 4 mm, una fuerza de actuaci&oacute;n de 50 g&hellip;&nbsp;<a href=\"https:\/\/aivlisoft.net\/shop\/producto\/logitech-prodigy-g213-teclado-gaming-usb-rgb\/\" rel=\"bookmark\"><span class=\"screen-reader-text\">Logitech Prodigy G213 Teclado Gaming USB RGB<\/span><\/a><\/p>\n","protected":false},"featured_media":11155,"template":"","meta":{"neve_meta_sidebar":"","neve_meta_container":"","neve_meta_enable_content_width":"","neve_meta_content_width":0,"neve_meta_title_alignment":"","neve_meta_author_avatar":"","neve_post_elements_order":"","neve_meta_disable_header":"","neve_meta_disable_footer":"","neve_meta_disable_title":""},"product_brand":[],"product_cat":[8723],"product_tag":[4357],"class_list":{"0":"post-11154","1":"product","2":"type-product","3":"status-publish","4":"has-post-thumbnail","6":"product_cat-teclados-usb","7":"product_tag-920-008086","9":"first","10":"instock","11":"taxable","12":"shipping-taxable","13":"purchasable","14":"product-type-simple"},"yoast_head":"<!-- This site is optimized with the Yoast SEO plugin v26.0 - https:\/\/yoast.com\/wordpress\/plugins\/seo\/ -->\n<title>Logitech Prodigy G213 Teclado Gaming USB RGB - Aivlisoft Inform\u00e1tica<\/title>\n<meta name=\"robots\" content=\"index, follow, max-snippet:-1, max-image-preview:large, max-video-preview:-1\" \/>\n<link rel=\"canonical\" href=\"https:\/\/aivlisoft.net\/shop\/producto\/logitech-prodigy-g213-teclado-gaming-usb-rgb\/\" \/>\n<meta property=\"og:locale\" content=\"es_ES\" \/>\n<meta property=\"og:type\" content=\"article\" \/>\n<meta property=\"og:title\" content=\"Logitech Prodigy G213 Teclado Gaming USB RGB - Aivlisoft Inform\u00e1tica\" \/>\n<meta property=\"og:description\" content=\"RENDIMIENTO PARA GAMINGEl teclado G213 para gaming est&aacute; dotado de teclas Logitech G Mech-Dome ajustadas especialmente para ofrecer una respuesta t&aacute;ctil superior y un perfil de rendimiento global similar al de un teclado mec&aacute;nico. Las teclas Mech-Dome tienen una altura est&aacute;ndar, ofrecen un recorrido total de 4 mm, una fuerza de actuaci&oacute;n de 50 g&hellip;&nbsp;Logitech Prodigy G213 Teclado Gaming USB RGB\" \/>\n<meta property=\"og:url\" content=\"https:\/\/aivlisoft.net\/shop\/producto\/logitech-prodigy-g213-teclado-gaming-usb-rgb\/\" \/>\n<meta property=\"og:site_name\" content=\"Aivlisoft Inform\u00e1tica\" \/>\n<meta property=\"article:modified_time\" content=\"2025-01-14T10:56:30+00:00\" \/>\n<meta property=\"og:image\" content=\"https:\/\/aivlisoft.net\/shop\/wp-content\/uploads\/2025\/01\/FTRTUS0405_800.jpg\" \/>\n\t<meta property=\"og:image:width\" content=\"800\" \/>\n\t<meta property=\"og:image:height\" content=\"800\" \/>\n\t<meta property=\"og:image:type\" content=\"image\/jpeg\" \/>\n<meta name=\"twitter:card\" content=\"summary_large_image\" \/>\n<meta name=\"twitter:label1\" content=\"Tiempo de lectura\" \/>\n\t<meta name=\"twitter:data1\" content=\"2 minutos\" \/>\n<script type=\"application\/ld+json\" class=\"yoast-schema-graph\">{\"@context\":\"https:\/\/schema.org\",\"@graph\":[{\"@type\":\"WebPage\",\"@id\":\"https:\/\/aivlisoft.net\/shop\/producto\/logitech-prodigy-g213-teclado-gaming-usb-rgb\/\",\"url\":\"https:\/\/aivlisoft.net\/shop\/producto\/logitech-prodigy-g213-teclado-gaming-usb-rgb\/\",\"name\":\"Logitech Prodigy G213 Teclado Gaming USB RGB - Aivlisoft Inform\u00e1tica\",\"isPartOf\":{\"@id\":\"https:\/\/aivlisoft.net\/shop\/#website\"},\"primaryImageOfPage\":{\"@id\":\"https:\/\/aivlisoft.net\/shop\/producto\/logitech-prodigy-g213-teclado-gaming-usb-rgb\/#primaryimage\"},\"image\":{\"@id\":\"https:\/\/aivlisoft.net\/shop\/producto\/logitech-prodigy-g213-teclado-gaming-usb-rgb\/#primaryimage\"},\"thumbnailUrl\":\"https:\/\/aivlisoft.net\/shop\/wp-content\/uploads\/2025\/01\/FTRTUS0405_800.jpg\",\"datePublished\":\"2025-01-13T14:11:50+00:00\",\"dateModified\":\"2025-01-14T10:56:30+00:00\",\"breadcrumb\":{\"@id\":\"https:\/\/aivlisoft.net\/shop\/producto\/logitech-prodigy-g213-teclado-gaming-usb-rgb\/#breadcrumb\"},\"inLanguage\":\"es\",\"potentialAction\":[{\"@type\":\"ReadAction\",\"target\":[\"https:\/\/aivlisoft.net\/shop\/producto\/logitech-prodigy-g213-teclado-gaming-usb-rgb\/\"]}]},{\"@type\":\"ImageObject\",\"inLanguage\":\"es\",\"@id\":\"https:\/\/aivlisoft.net\/shop\/producto\/logitech-prodigy-g213-teclado-gaming-usb-rgb\/#primaryimage\",\"url\":\"https:\/\/aivlisoft.net\/shop\/wp-content\/uploads\/2025\/01\/FTRTUS0405_800.jpg\",\"contentUrl\":\"https:\/\/aivlisoft.net\/shop\/wp-content\/uploads\/2025\/01\/FTRTUS0405_800.jpg\",\"width\":800,\"height\":800},{\"@type\":\"BreadcrumbList\",\"@id\":\"https:\/\/aivlisoft.net\/shop\/producto\/logitech-prodigy-g213-teclado-gaming-usb-rgb\/#breadcrumb\",\"itemListElement\":[{\"@type\":\"ListItem\",\"position\":1,\"name\":\"Portada\",\"item\":\"https:\/\/aivlisoft.net\/shop\/\"},{\"@type\":\"ListItem\",\"position\":2,\"name\":\"Tienda\",\"item\":\"https:\/\/aivlisoft.net\/shop\/tienda\/\"},{\"@type\":\"ListItem\",\"position\":3,\"name\":\"Logitech Prodigy G213 Teclado Gaming USB RGB\"}]},{\"@type\":\"WebSite\",\"@id\":\"https:\/\/aivlisoft.net\/shop\/#website\",\"url\":\"https:\/\/aivlisoft.net\/shop\/\",\"name\":\"Aivlisoft Inform\u00e1tica\",\"description\":\"En Aivlisoft Inform\u00e1tica ofrecemos soluciones tecnol\u00f3gicas para empresas: venta de ordenadores, consumibles, perif\u00e9ricos y m\u00e1s. Calidad, atenci\u00f3n personalizada y los mejores precios para tu negocio.\",\"publisher\":{\"@id\":\"https:\/\/aivlisoft.net\/shop\/#organization\"},\"potentialAction\":[{\"@type\":\"SearchAction\",\"target\":{\"@type\":\"EntryPoint\",\"urlTemplate\":\"https:\/\/aivlisoft.net\/shop\/?s={search_term_string}\"},\"query-input\":{\"@type\":\"PropertyValueSpecification\",\"valueRequired\":true,\"valueName\":\"search_term_string\"}}],\"inLanguage\":\"es\"},{\"@type\":\"Organization\",\"@id\":\"https:\/\/aivlisoft.net\/shop\/#organization\",\"name\":\"Aivlisoft Inform\u00e1tica\",\"url\":\"https:\/\/aivlisoft.net\/shop\/\",\"logo\":{\"@type\":\"ImageObject\",\"inLanguage\":\"es\",\"@id\":\"https:\/\/aivlisoft.net\/shop\/#\/schema\/logo\/image\/\",\"url\":\"https:\/\/aivlisoft.net\/shop\/wp-content\/uploads\/2024\/12\/removal.ai_5b848c54-0cdf-4140-95c5-c5536bb7573b-logodef.png\",\"contentUrl\":\"https:\/\/aivlisoft.net\/shop\/wp-content\/uploads\/2024\/12\/removal.ai_5b848c54-0cdf-4140-95c5-c5536bb7573b-logodef.png\",\"width\":484,\"height\":182,\"caption\":\"Aivlisoft Inform\u00e1tica\"},\"image\":{\"@id\":\"https:\/\/aivlisoft.net\/shop\/#\/schema\/logo\/image\/\"}}]}<\/script>\n<!-- \/ Yoast SEO plugin. -->","yoast_head_json":{"title":"Logitech Prodigy G213 Teclado Gaming USB RGB - Aivlisoft Inform\u00e1tica","robots":{"index":"index","follow":"follow","max-snippet":"max-snippet:-1","max-image-preview":"max-image-preview:large","max-video-preview":"max-video-preview:-1"},"canonical":"https:\/\/aivlisoft.net\/shop\/producto\/logitech-prodigy-g213-teclado-gaming-usb-rgb\/","og_locale":"es_ES","og_type":"article","og_title":"Logitech Prodigy G213 Teclado Gaming USB RGB - Aivlisoft Inform\u00e1tica","og_description":"RENDIMIENTO PARA GAMINGEl teclado G213 para gaming est&aacute; dotado de teclas Logitech G Mech-Dome ajustadas especialmente para ofrecer una respuesta t&aacute;ctil superior y un perfil de rendimiento global similar al de un teclado mec&aacute;nico. Las teclas Mech-Dome tienen una altura est&aacute;ndar, ofrecen un recorrido total de 4 mm, una fuerza de actuaci&oacute;n de 50 g&hellip;&nbsp;Logitech Prodigy G213 Teclado Gaming USB RGB","og_url":"https:\/\/aivlisoft.net\/shop\/producto\/logitech-prodigy-g213-teclado-gaming-usb-rgb\/","og_site_name":"Aivlisoft Inform\u00e1tica","article_modified_time":"2025-01-14T10:56:30+00:00","og_image":[{"width":800,"height":800,"url":"https:\/\/aivlisoft.net\/shop\/wp-content\/uploads\/2025\/01\/FTRTUS0405_800.jpg","type":"image\/jpeg"}],"twitter_card":"summary_large_image","twitter_misc":{"Tiempo de lectura":"2 minutos"},"schema":{"@context":"https:\/\/schema.org","@graph":[{"@type":"WebPage","@id":"https:\/\/aivlisoft.net\/shop\/producto\/logitech-prodigy-g213-teclado-gaming-usb-rgb\/","url":"https:\/\/aivlisoft.net\/shop\/producto\/logitech-prodigy-g213-teclado-gaming-usb-rgb\/","name":"Logitech Prodigy G213 Teclado Gaming USB RGB - Aivlisoft Inform\u00e1tica","isPartOf":{"@id":"https:\/\/aivlisoft.net\/shop\/#website"},"primaryImageOfPage":{"@id":"https:\/\/aivlisoft.net\/shop\/producto\/logitech-prodigy-g213-teclado-gaming-usb-rgb\/#primaryimage"},"image":{"@id":"https:\/\/aivlisoft.net\/shop\/producto\/logitech-prodigy-g213-teclado-gaming-usb-rgb\/#primaryimage"},"thumbnailUrl":"https:\/\/aivlisoft.net\/shop\/wp-content\/uploads\/2025\/01\/FTRTUS0405_800.jpg","datePublished":"2025-01-13T14:11:50+00:00","dateModified":"2025-01-14T10:56:30+00:00","breadcrumb":{"@id":"https:\/\/aivlisoft.net\/shop\/producto\/logitech-prodigy-g213-teclado-gaming-usb-rgb\/#breadcrumb"},"inLanguage":"es","potentialAction":[{"@type":"ReadAction","target":["https:\/\/aivlisoft.net\/shop\/producto\/logitech-prodigy-g213-teclado-gaming-usb-rgb\/"]}]},{"@type":"ImageObject","inLanguage":"es","@id":"https:\/\/aivlisoft.net\/shop\/producto\/logitech-prodigy-g213-teclado-gaming-usb-rgb\/#primaryimage","url":"https:\/\/aivlisoft.net\/shop\/wp-content\/uploads\/2025\/01\/FTRTUS0405_800.jpg","contentUrl":"https:\/\/aivlisoft.net\/shop\/wp-content\/uploads\/2025\/01\/FTRTUS0405_800.jpg","width":800,"height":800},{"@type":"BreadcrumbList","@id":"https:\/\/aivlisoft.net\/shop\/producto\/logitech-prodigy-g213-teclado-gaming-usb-rgb\/#breadcrumb","itemListElement":[{"@type":"ListItem","position":1,"name":"Portada","item":"https:\/\/aivlisoft.net\/shop\/"},{"@type":"ListItem","position":2,"name":"Tienda","item":"https:\/\/aivlisoft.net\/shop\/tienda\/"},{"@type":"ListItem","position":3,"name":"Logitech Prodigy G213 Teclado Gaming USB RGB"}]},{"@type":"WebSite","@id":"https:\/\/aivlisoft.net\/shop\/#website","url":"https:\/\/aivlisoft.net\/shop\/","name":"Aivlisoft Inform\u00e1tica","description":"En Aivlisoft Inform\u00e1tica ofrecemos soluciones tecnol\u00f3gicas para empresas: venta de ordenadores, consumibles, perif\u00e9ricos y m\u00e1s. Calidad, atenci\u00f3n personalizada y los mejores precios para tu negocio.","publisher":{"@id":"https:\/\/aivlisoft.net\/shop\/#organization"},"potentialAction":[{"@type":"SearchAction","target":{"@type":"EntryPoint","urlTemplate":"https:\/\/aivlisoft.net\/shop\/?s={search_term_string}"},"query-input":{"@type":"PropertyValueSpecification","valueRequired":true,"valueName":"search_term_string"}}],"inLanguage":"es"},{"@type":"Organization","@id":"https:\/\/aivlisoft.net\/shop\/#organization","name":"Aivlisoft Inform\u00e1tica","url":"https:\/\/aivlisoft.net\/shop\/","logo":{"@type":"ImageObject","inLanguage":"es","@id":"https:\/\/aivlisoft.net\/shop\/#\/schema\/logo\/image\/","url":"https:\/\/aivlisoft.net\/shop\/wp-content\/uploads\/2024\/12\/removal.ai_5b848c54-0cdf-4140-95c5-c5536bb7573b-logodef.png","contentUrl":"https:\/\/aivlisoft.net\/shop\/wp-content\/uploads\/2024\/12\/removal.ai_5b848c54-0cdf-4140-95c5-c5536bb7573b-logodef.png","width":484,"height":182,"caption":"Aivlisoft Inform\u00e1tica"},"image":{"@id":"https:\/\/aivlisoft.net\/shop\/#\/schema\/logo\/image\/"}}]}},"_links":{"self":[{"href":"https:\/\/aivlisoft.net\/shop\/wp-json\/wp\/v2\/product\/11154","targetHints":{"allow":["GET"]}}],"collection":[{"href":"https:\/\/aivlisoft.net\/shop\/wp-json\/wp\/v2\/product"}],"about":[{"href":"https:\/\/aivlisoft.net\/shop\/wp-json\/wp\/v2\/types\/product"}],"wp:featuredmedia":[{"embeddable":true,"href":"https:\/\/aivlisoft.net\/shop\/wp-json\/wp\/v2\/media\/11155"}],"wp:attachment":[{"href":"https:\/\/aivlisoft.net\/shop\/wp-json\/wp\/v2\/media?parent=11154"}],"wp:term":[{"taxonomy":"product_brand","embeddable":true,"href":"https:\/\/aivlisoft.net\/shop\/wp-json\/wp\/v2\/product_brand?post=11154"},{"taxonomy":"product_cat","embeddable":true,"href":"https:\/\/aivlisoft.net\/shop\/wp-json\/wp\/v2\/product_cat?post=11154"},{"taxonomy":"product_tag","embeddable":true,"href":"https:\/\/aivlisoft.net\/shop\/wp-json\/wp\/v2\/product_tag?post=11154"}],"curies":[{"name":"wp","href":"https:\/\/api.w.org\/{rel}","templated":true}]}}