{"id":11108,"date":"2025-01-13T14:11:19","date_gmt":"2025-01-13T14:11:19","guid":{"rendered":"https:\/\/aivlisoft.com\/?post_type=product&#038;p=11108"},"modified":"2025-01-14T10:56:10","modified_gmt":"2025-01-14T10:56:10","slug":"logitech-teclado-k120-oem-usb","status":"publish","type":"product","link":"https:\/\/aivlisoft.net\/shop\/producto\/logitech-teclado-k120-oem-usb\/","title":{"rendered":"Logitech Teclado K120 OEM USB"},"content":{"rendered":"<p><strong>Escritura c&oacute;moda<\/strong><br \/>Disfrutar&aacute; de teclas planas que apenas hacen ruido y un dise&ntilde;o est&aacute;ndar con teclas F y teclado num&eacute;rico de tama&ntilde;o normal.<\/p>\n<p><strong>Atractivo y robusto<\/strong><br \/>El teclado no es s&oacute;lo elegante: es resistente, con un dise&ntilde;o resistente a salpicaduras, s&oacute;lidas patas ajustables y teclas duraderas.<\/p>\n<p><strong>As&iacute; de simple<\/strong><br \/>Basta con conectarlo al puerto USB del ordenador de sobremesa, port&aacute;til o netbook, y ya se puede empezar a usar.<\/p>\n<p><strong>Uso agradable y silencioso<\/strong><br \/>Podr&aacute; escribir c&oacute;moda y silenciosamente gracias a las teclas planas que apenas hacen ruido y al dise&ntilde;o est&aacute;ndar con teclas F y teclado num&eacute;rico de tama&ntilde;o normal.<\/p>\n<p><strong>Dise&ntilde;o resistente a salpicaduras<\/strong><br \/>El teclado deja pasar l&iacute;quidos en caso de derrames, con lo que protege su inversi&oacute;n.<\/p>\n<p><strong>Perfil plano<\/strong><br \/>El teclado tiene un perfil plano que a&ntilde;ade elegancia al escritorio a la vez que permite mantener las manos en una posici&oacute;n m&aacute;s c&oacute;moda y natural.<\/p>\n<p><strong>Teclas resistentes<\/strong><br \/>Las teclas permiten hasta 10 millones de pulsaciones, por lo que podr&aacute; seguir escribiendo m&aacute;s all&aacute; del periodo de vida &uacute;til de muchos teclados.<\/p>\n<p><strong>Patas ajustables y robustas<\/strong><br \/>Con las patas plegables desplegadas, la inclinaci&oacute;n del teclado se incrementa en 8&deg;, para una experiencia ergon&oacute;mica.<\/p>\n<p><strong>Conexi&oacute;n USB Plug and Play<\/strong><br \/>Se instala f&aacute;cilmente: basta con conectarlo al puerto USB del ordenador de sobremesa, port&aacute;til o netbook, y ya se puede empezar a usar.<\/p>\n<p><strong>Teclas f&aacute;ciles de leer<\/strong><br \/>Caracteres impresos en marcado blanco luminoso, m&aacute;s f&aacute;ciles de leer: perfectos para quienes no tienen una vista perfecta. Y tambi&eacute;n m&aacute;s resistentes al desgaste.<\/p>\n<p><strong>Fiabilidad de Logitech<\/strong><br \/>Obtendr&aacute; la calidad y fiabilidad que han hecho de Logitech el l&iacute;der mundial en teclados y ratones, a un precio asequible y con tres a&ntilde;os de garant&iacute;a.<\/p>\n<p><strong>Barra espaciadora curvada<\/strong><br \/>Las manos disfrutar&aacute;n de una posici&oacute;n m&aacute;s natural y c&oacute;moda al escribir.<\/p>\n","protected":false},"excerpt":{"rendered":"<p>Escritura c&oacute;modaDisfrutar&aacute; de teclas planas que apenas hacen ruido y un dise&ntilde;o est&aacute;ndar con teclas F y teclado num&eacute;rico de tama&ntilde;o normal. Atractivo y robustoEl teclado no es s&oacute;lo elegante: es resistente, con un dise&ntilde;o resistente a salpicaduras, s&oacute;lidas patas ajustables y teclas duraderas. As&iacute; de simpleBasta con conectarlo al puerto USB del ordenador de&hellip;&nbsp;<a href=\"https:\/\/aivlisoft.net\/shop\/producto\/logitech-teclado-k120-oem-usb\/\" rel=\"bookmark\"><span class=\"screen-reader-text\">Logitech Teclado K120 OEM USB<\/span><\/a><\/p>\n","protected":false},"featured_media":11109,"template":"","meta":{"neve_meta_sidebar":"","neve_meta_container":"","neve_meta_enable_content_width":"","neve_meta_content_width":0,"neve_meta_title_alignment":"","neve_meta_author_avatar":"","neve_post_elements_order":"","neve_meta_disable_header":"","neve_meta_disable_footer":"","neve_meta_disable_title":""},"product_brand":[],"product_cat":[8723],"product_tag":[4336],"class_list":{"0":"post-11108","1":"product","2":"type-product","3":"status-publish","4":"has-post-thumbnail","6":"product_cat-teclados-usb","7":"product_tag-920-002518","9":"first","10":"instock","11":"taxable","12":"shipping-taxable","13":"purchasable","14":"product-type-simple"},"yoast_head":"<!-- This site is optimized with the Yoast SEO plugin v26.0 - https:\/\/yoast.com\/wordpress\/plugins\/seo\/ -->\n<title>Logitech Teclado K120 OEM USB - Aivlisoft Inform\u00e1tica<\/title>\n<meta name=\"robots\" content=\"index, follow, max-snippet:-1, max-image-preview:large, max-video-preview:-1\" \/>\n<link rel=\"canonical\" href=\"https:\/\/aivlisoft.net\/shop\/producto\/logitech-teclado-k120-oem-usb\/\" \/>\n<meta property=\"og:locale\" content=\"es_ES\" \/>\n<meta property=\"og:type\" content=\"article\" \/>\n<meta property=\"og:title\" content=\"Logitech Teclado K120 OEM USB - Aivlisoft Inform\u00e1tica\" \/>\n<meta property=\"og:description\" content=\"Escritura c&oacute;modaDisfrutar&aacute; de teclas planas que apenas hacen ruido y un dise&ntilde;o est&aacute;ndar con teclas F y teclado num&eacute;rico de tama&ntilde;o normal. Atractivo y robustoEl teclado no es s&oacute;lo elegante: es resistente, con un dise&ntilde;o resistente a salpicaduras, s&oacute;lidas patas ajustables y teclas duraderas. As&iacute; de simpleBasta con conectarlo al puerto USB del ordenador de&hellip;&nbsp;Logitech Teclado K120 OEM USB\" \/>\n<meta property=\"og:url\" content=\"https:\/\/aivlisoft.net\/shop\/producto\/logitech-teclado-k120-oem-usb\/\" \/>\n<meta property=\"og:site_name\" content=\"Aivlisoft Inform\u00e1tica\" \/>\n<meta property=\"article:modified_time\" content=\"2025-01-14T10:56:10+00:00\" \/>\n<meta property=\"og:image\" content=\"https:\/\/aivlisoft.net\/shop\/wp-content\/uploads\/2025\/01\/FTRTUS0081_800.jpg\" \/>\n\t<meta property=\"og:image:width\" content=\"800\" \/>\n\t<meta property=\"og:image:height\" content=\"800\" \/>\n\t<meta property=\"og:image:type\" content=\"image\/jpeg\" \/>\n<meta name=\"twitter:card\" content=\"summary_large_image\" \/>\n<meta name=\"twitter:label1\" content=\"Tiempo de lectura\" \/>\n\t<meta name=\"twitter:data1\" content=\"2 minutos\" \/>\n<script type=\"application\/ld+json\" class=\"yoast-schema-graph\">{\"@context\":\"https:\/\/schema.org\",\"@graph\":[{\"@type\":\"WebPage\",\"@id\":\"https:\/\/aivlisoft.net\/shop\/producto\/logitech-teclado-k120-oem-usb\/\",\"url\":\"https:\/\/aivlisoft.net\/shop\/producto\/logitech-teclado-k120-oem-usb\/\",\"name\":\"Logitech Teclado K120 OEM USB - Aivlisoft Inform\u00e1tica\",\"isPartOf\":{\"@id\":\"https:\/\/aivlisoft.net\/shop\/#website\"},\"primaryImageOfPage\":{\"@id\":\"https:\/\/aivlisoft.net\/shop\/producto\/logitech-teclado-k120-oem-usb\/#primaryimage\"},\"image\":{\"@id\":\"https:\/\/aivlisoft.net\/shop\/producto\/logitech-teclado-k120-oem-usb\/#primaryimage\"},\"thumbnailUrl\":\"https:\/\/aivlisoft.net\/shop\/wp-content\/uploads\/2025\/01\/FTRTUS0081_800.jpg\",\"datePublished\":\"2025-01-13T14:11:19+00:00\",\"dateModified\":\"2025-01-14T10:56:10+00:00\",\"breadcrumb\":{\"@id\":\"https:\/\/aivlisoft.net\/shop\/producto\/logitech-teclado-k120-oem-usb\/#breadcrumb\"},\"inLanguage\":\"es\",\"potentialAction\":[{\"@type\":\"ReadAction\",\"target\":[\"https:\/\/aivlisoft.net\/shop\/producto\/logitech-teclado-k120-oem-usb\/\"]}]},{\"@type\":\"ImageObject\",\"inLanguage\":\"es\",\"@id\":\"https:\/\/aivlisoft.net\/shop\/producto\/logitech-teclado-k120-oem-usb\/#primaryimage\",\"url\":\"https:\/\/aivlisoft.net\/shop\/wp-content\/uploads\/2025\/01\/FTRTUS0081_800.jpg\",\"contentUrl\":\"https:\/\/aivlisoft.net\/shop\/wp-content\/uploads\/2025\/01\/FTRTUS0081_800.jpg\",\"width\":800,\"height\":800},{\"@type\":\"BreadcrumbList\",\"@id\":\"https:\/\/aivlisoft.net\/shop\/producto\/logitech-teclado-k120-oem-usb\/#breadcrumb\",\"itemListElement\":[{\"@type\":\"ListItem\",\"position\":1,\"name\":\"Portada\",\"item\":\"https:\/\/aivlisoft.net\/shop\/\"},{\"@type\":\"ListItem\",\"position\":2,\"name\":\"Tienda\",\"item\":\"https:\/\/aivlisoft.net\/shop\/tienda\/\"},{\"@type\":\"ListItem\",\"position\":3,\"name\":\"Logitech Teclado K120 OEM USB\"}]},{\"@type\":\"WebSite\",\"@id\":\"https:\/\/aivlisoft.net\/shop\/#website\",\"url\":\"https:\/\/aivlisoft.net\/shop\/\",\"name\":\"Aivlisoft Inform\u00e1tica\",\"description\":\"En Aivlisoft Inform\u00e1tica ofrecemos soluciones tecnol\u00f3gicas para empresas: venta de ordenadores, consumibles, perif\u00e9ricos y m\u00e1s. Calidad, atenci\u00f3n personalizada y los mejores precios para tu negocio.\",\"publisher\":{\"@id\":\"https:\/\/aivlisoft.net\/shop\/#organization\"},\"potentialAction\":[{\"@type\":\"SearchAction\",\"target\":{\"@type\":\"EntryPoint\",\"urlTemplate\":\"https:\/\/aivlisoft.net\/shop\/?s={search_term_string}\"},\"query-input\":{\"@type\":\"PropertyValueSpecification\",\"valueRequired\":true,\"valueName\":\"search_term_string\"}}],\"inLanguage\":\"es\"},{\"@type\":\"Organization\",\"@id\":\"https:\/\/aivlisoft.net\/shop\/#organization\",\"name\":\"Aivlisoft Inform\u00e1tica\",\"url\":\"https:\/\/aivlisoft.net\/shop\/\",\"logo\":{\"@type\":\"ImageObject\",\"inLanguage\":\"es\",\"@id\":\"https:\/\/aivlisoft.net\/shop\/#\/schema\/logo\/image\/\",\"url\":\"https:\/\/aivlisoft.net\/shop\/wp-content\/uploads\/2024\/12\/removal.ai_5b848c54-0cdf-4140-95c5-c5536bb7573b-logodef.png\",\"contentUrl\":\"https:\/\/aivlisoft.net\/shop\/wp-content\/uploads\/2024\/12\/removal.ai_5b848c54-0cdf-4140-95c5-c5536bb7573b-logodef.png\",\"width\":484,\"height\":182,\"caption\":\"Aivlisoft Inform\u00e1tica\"},\"image\":{\"@id\":\"https:\/\/aivlisoft.net\/shop\/#\/schema\/logo\/image\/\"}}]}<\/script>\n<!-- \/ Yoast SEO plugin. -->","yoast_head_json":{"title":"Logitech Teclado K120 OEM USB - Aivlisoft Inform\u00e1tica","robots":{"index":"index","follow":"follow","max-snippet":"max-snippet:-1","max-image-preview":"max-image-preview:large","max-video-preview":"max-video-preview:-1"},"canonical":"https:\/\/aivlisoft.net\/shop\/producto\/logitech-teclado-k120-oem-usb\/","og_locale":"es_ES","og_type":"article","og_title":"Logitech Teclado K120 OEM USB - Aivlisoft Inform\u00e1tica","og_description":"Escritura c&oacute;modaDisfrutar&aacute; de teclas planas que apenas hacen ruido y un dise&ntilde;o est&aacute;ndar con teclas F y teclado num&eacute;rico de tama&ntilde;o normal. Atractivo y robustoEl teclado no es s&oacute;lo elegante: es resistente, con un dise&ntilde;o resistente a salpicaduras, s&oacute;lidas patas ajustables y teclas duraderas. As&iacute; de simpleBasta con conectarlo al puerto USB del ordenador de&hellip;&nbsp;Logitech Teclado K120 OEM USB","og_url":"https:\/\/aivlisoft.net\/shop\/producto\/logitech-teclado-k120-oem-usb\/","og_site_name":"Aivlisoft Inform\u00e1tica","article_modified_time":"2025-01-14T10:56:10+00:00","og_image":[{"width":800,"height":800,"url":"https:\/\/aivlisoft.net\/shop\/wp-content\/uploads\/2025\/01\/FTRTUS0081_800.jpg","type":"image\/jpeg"}],"twitter_card":"summary_large_image","twitter_misc":{"Tiempo de lectura":"2 minutos"},"schema":{"@context":"https:\/\/schema.org","@graph":[{"@type":"WebPage","@id":"https:\/\/aivlisoft.net\/shop\/producto\/logitech-teclado-k120-oem-usb\/","url":"https:\/\/aivlisoft.net\/shop\/producto\/logitech-teclado-k120-oem-usb\/","name":"Logitech Teclado K120 OEM USB - Aivlisoft Inform\u00e1tica","isPartOf":{"@id":"https:\/\/aivlisoft.net\/shop\/#website"},"primaryImageOfPage":{"@id":"https:\/\/aivlisoft.net\/shop\/producto\/logitech-teclado-k120-oem-usb\/#primaryimage"},"image":{"@id":"https:\/\/aivlisoft.net\/shop\/producto\/logitech-teclado-k120-oem-usb\/#primaryimage"},"thumbnailUrl":"https:\/\/aivlisoft.net\/shop\/wp-content\/uploads\/2025\/01\/FTRTUS0081_800.jpg","datePublished":"2025-01-13T14:11:19+00:00","dateModified":"2025-01-14T10:56:10+00:00","breadcrumb":{"@id":"https:\/\/aivlisoft.net\/shop\/producto\/logitech-teclado-k120-oem-usb\/#breadcrumb"},"inLanguage":"es","potentialAction":[{"@type":"ReadAction","target":["https:\/\/aivlisoft.net\/shop\/producto\/logitech-teclado-k120-oem-usb\/"]}]},{"@type":"ImageObject","inLanguage":"es","@id":"https:\/\/aivlisoft.net\/shop\/producto\/logitech-teclado-k120-oem-usb\/#primaryimage","url":"https:\/\/aivlisoft.net\/shop\/wp-content\/uploads\/2025\/01\/FTRTUS0081_800.jpg","contentUrl":"https:\/\/aivlisoft.net\/shop\/wp-content\/uploads\/2025\/01\/FTRTUS0081_800.jpg","width":800,"height":800},{"@type":"BreadcrumbList","@id":"https:\/\/aivlisoft.net\/shop\/producto\/logitech-teclado-k120-oem-usb\/#breadcrumb","itemListElement":[{"@type":"ListItem","position":1,"name":"Portada","item":"https:\/\/aivlisoft.net\/shop\/"},{"@type":"ListItem","position":2,"name":"Tienda","item":"https:\/\/aivlisoft.net\/shop\/tienda\/"},{"@type":"ListItem","position":3,"name":"Logitech Teclado K120 OEM USB"}]},{"@type":"WebSite","@id":"https:\/\/aivlisoft.net\/shop\/#website","url":"https:\/\/aivlisoft.net\/shop\/","name":"Aivlisoft Inform\u00e1tica","description":"En Aivlisoft Inform\u00e1tica ofrecemos soluciones tecnol\u00f3gicas para empresas: venta de ordenadores, consumibles, perif\u00e9ricos y m\u00e1s. Calidad, atenci\u00f3n personalizada y los mejores precios para tu negocio.","publisher":{"@id":"https:\/\/aivlisoft.net\/shop\/#organization"},"potentialAction":[{"@type":"SearchAction","target":{"@type":"EntryPoint","urlTemplate":"https:\/\/aivlisoft.net\/shop\/?s={search_term_string}"},"query-input":{"@type":"PropertyValueSpecification","valueRequired":true,"valueName":"search_term_string"}}],"inLanguage":"es"},{"@type":"Organization","@id":"https:\/\/aivlisoft.net\/shop\/#organization","name":"Aivlisoft Inform\u00e1tica","url":"https:\/\/aivlisoft.net\/shop\/","logo":{"@type":"ImageObject","inLanguage":"es","@id":"https:\/\/aivlisoft.net\/shop\/#\/schema\/logo\/image\/","url":"https:\/\/aivlisoft.net\/shop\/wp-content\/uploads\/2024\/12\/removal.ai_5b848c54-0cdf-4140-95c5-c5536bb7573b-logodef.png","contentUrl":"https:\/\/aivlisoft.net\/shop\/wp-content\/uploads\/2024\/12\/removal.ai_5b848c54-0cdf-4140-95c5-c5536bb7573b-logodef.png","width":484,"height":182,"caption":"Aivlisoft Inform\u00e1tica"},"image":{"@id":"https:\/\/aivlisoft.net\/shop\/#\/schema\/logo\/image\/"}}]}},"_links":{"self":[{"href":"https:\/\/aivlisoft.net\/shop\/wp-json\/wp\/v2\/product\/11108","targetHints":{"allow":["GET"]}}],"collection":[{"href":"https:\/\/aivlisoft.net\/shop\/wp-json\/wp\/v2\/product"}],"about":[{"href":"https:\/\/aivlisoft.net\/shop\/wp-json\/wp\/v2\/types\/product"}],"wp:featuredmedia":[{"embeddable":true,"href":"https:\/\/aivlisoft.net\/shop\/wp-json\/wp\/v2\/media\/11109"}],"wp:attachment":[{"href":"https:\/\/aivlisoft.net\/shop\/wp-json\/wp\/v2\/media?parent=11108"}],"wp:term":[{"taxonomy":"product_brand","embeddable":true,"href":"https:\/\/aivlisoft.net\/shop\/wp-json\/wp\/v2\/product_brand?post=11108"},{"taxonomy":"product_cat","embeddable":true,"href":"https:\/\/aivlisoft.net\/shop\/wp-json\/wp\/v2\/product_cat?post=11108"},{"taxonomy":"product_tag","embeddable":true,"href":"https:\/\/aivlisoft.net\/shop\/wp-json\/wp\/v2\/product_tag?post=11108"}],"curies":[{"name":"wp","href":"https:\/\/api.w.org\/{rel}","templated":true}]}}