{"id":11069,"date":"2025-01-13T14:10:59","date_gmt":"2025-01-13T14:10:59","guid":{"rendered":"https:\/\/aivlisoft.com\/?post_type=product&#038;p=11069"},"modified":"2025-01-15T10:36:30","modified_gmt":"2025-01-15T10:36:30","slug":"ngs-fortune-teclado-inala-multidispositivo-bt","status":"publish","type":"product","link":"https:\/\/aivlisoft.net\/shop\/producto\/ngs-fortune-teclado-inala-multidispositivo-bt\/","title":{"rendered":"NGS  FORTUNE Teclado inala. multidispositivo  BT"},"content":{"rendered":"<p>TECL INALAMB MULTIDISPOSITIVO BLUETOOTH NGS<br \/>&nbsp;<\/p>\n<table width=\"100%\">\n<tr>\n<td><strong>Marca<\/strong><\/td>\n<td>NGS<\/td>\n<\/tr>\n<tr>\n<td valign=\"top\"><strong>Modelo<\/strong><\/td>\n<td><strong>FORTUNE-BT<\/strong><\/td>\n<\/tr>\n<tr>\n<td><strong>Uso<\/strong><\/td>\n<td>&#8211; TECL INALAMB MULTIDISPOSITIVO BLUETOOTH<\/td>\n<\/tr>\n<tr>\n<td><strong>Especificaciones T&eacute;cnicas<\/strong><\/td>\n<td>&#8211; Multimodo &nbsp;&nbsp; &nbsp;<br \/>\t\t\t&#8211; Teclado recargable multimedia inal&aacute;mbrico compatible con Bluetooth: Multimodo BT5.0 + BT5.0 + BT5.0.<br \/>\t\t\t&#8211; Recargable &nbsp;&nbsp; &nbsp;<br \/>\t\t\t&#8211; 12 Teclas multimedia&nbsp;<br \/>\t\t\t&#8211; Teclas X-type &nbsp;&nbsp; &nbsp;<br \/>\t\t\t&#8211; Cuerpo de aluminio&nbsp;<\/td>\n<\/tr>\n<tr>\n<td valign=\"top\"><strong>Contenido del Embalaje<\/strong><\/td>\n<td>&#8211; FORTUNE BT<br \/>\t\t\t&#8211; Cable de carga USB-C<br \/>\t\t\t&#8211; Gu&iacute;a de instalaci&oacute;n<br \/>\t\t\t&#8211; Tarjeta de garant&iacute;a de 3 a&ntilde;o<\/td>\n<\/tr>\n<tr>\n<td><strong>Fecha de revisi&oacute;n<\/strong><\/td>\n<td>18-08-2021 por YMC<\/td>\n<\/tr>\n<\/table>\n","protected":false},"excerpt":{"rendered":"<p>TECL INALAMB MULTIDISPOSITIVO BLUETOOTH NGS&nbsp; Marca NGS Modelo FORTUNE-BT Uso &#8211; TECL INALAMB MULTIDISPOSITIVO BLUETOOTH Especificaciones T&eacute;cnicas &#8211; Multimodo &nbsp;&nbsp; &nbsp; &#8211; Teclado recargable multimedia inal&aacute;mbrico compatible con Bluetooth: Multimodo BT5.0 + BT5.0 + BT5.0. &#8211; Recargable &nbsp;&nbsp; &nbsp; &#8211; 12 Teclas multimedia&nbsp; &#8211; Teclas X-type &nbsp;&nbsp; &nbsp; &#8211; Cuerpo de aluminio&nbsp; Contenido del Embalaje&hellip;&nbsp;<a href=\"https:\/\/aivlisoft.net\/shop\/producto\/ngs-fortune-teclado-inala-multidispositivo-bt\/\" rel=\"bookmark\"><span class=\"screen-reader-text\">NGS  FORTUNE Teclado inala. multidispositivo  BT<\/span><\/a><\/p>\n","protected":false},"featured_media":11070,"template":"","meta":{"neve_meta_sidebar":"","neve_meta_container":"","neve_meta_enable_content_width":"","neve_meta_content_width":0,"neve_meta_title_alignment":"","neve_meta_author_avatar":"","neve_post_elements_order":"","neve_meta_disable_header":"","neve_meta_disable_footer":"","neve_meta_disable_title":""},"product_brand":[],"product_cat":[15,1970,8706,4099],"product_tag":[4323],"class_list":{"0":"post-11069","1":"product","2":"type-product","3":"status-publish","4":"has-post-thumbnail","6":"product_cat-sin-categorizar","7":"product_cat-accesorios-pc-y-tpv","8":"product_cat-cables-y-accesorios-pc","9":"product_cat-teclados-y-ratones","10":"product_tag-fortune-bt","12":"first","13":"instock","14":"taxable","15":"shipping-taxable","16":"purchasable","17":"product-type-simple"},"yoast_head":"<!-- This site is optimized with the Yoast SEO plugin v26.0 - https:\/\/yoast.com\/wordpress\/plugins\/seo\/ -->\n<title>NGS FORTUNE Teclado inala. multidispositivo BT - Aivlisoft Inform\u00e1tica<\/title>\n<meta name=\"robots\" content=\"index, follow, max-snippet:-1, max-image-preview:large, max-video-preview:-1\" \/>\n<link rel=\"canonical\" href=\"https:\/\/aivlisoft.net\/shop\/producto\/ngs-fortune-teclado-inala-multidispositivo-bt\/\" \/>\n<meta property=\"og:locale\" content=\"es_ES\" \/>\n<meta property=\"og:type\" content=\"article\" \/>\n<meta property=\"og:title\" content=\"NGS FORTUNE Teclado inala. multidispositivo BT - Aivlisoft Inform\u00e1tica\" \/>\n<meta property=\"og:description\" content=\"TECL INALAMB MULTIDISPOSITIVO BLUETOOTH NGS&nbsp; Marca NGS Modelo FORTUNE-BT Uso &#8211; TECL INALAMB MULTIDISPOSITIVO BLUETOOTH Especificaciones T&eacute;cnicas &#8211; Multimodo &nbsp;&nbsp; &nbsp; &#8211; Teclado recargable multimedia inal&aacute;mbrico compatible con Bluetooth: Multimodo BT5.0 + BT5.0 + BT5.0. &#8211; Recargable &nbsp;&nbsp; &nbsp; &#8211; 12 Teclas multimedia&nbsp; &#8211; Teclas X-type &nbsp;&nbsp; &nbsp; &#8211; Cuerpo de aluminio&nbsp; Contenido del Embalaje&hellip;&nbsp;NGS FORTUNE Teclado inala. multidispositivo BT\" \/>\n<meta property=\"og:url\" content=\"https:\/\/aivlisoft.net\/shop\/producto\/ngs-fortune-teclado-inala-multidispositivo-bt\/\" \/>\n<meta property=\"og:site_name\" content=\"Aivlisoft Inform\u00e1tica\" \/>\n<meta property=\"article:modified_time\" content=\"2025-01-15T10:36:30+00:00\" \/>\n<meta property=\"og:image\" content=\"https:\/\/aivlisoft.net\/shop\/wp-content\/uploads\/2025\/01\/FTRTEI0014_800.jpg\" \/>\n\t<meta property=\"og:image:width\" content=\"800\" \/>\n\t<meta property=\"og:image:height\" content=\"800\" \/>\n\t<meta property=\"og:image:type\" content=\"image\/jpeg\" \/>\n<meta name=\"twitter:card\" content=\"summary_large_image\" \/>\n<script type=\"application\/ld+json\" class=\"yoast-schema-graph\">{\"@context\":\"https:\/\/schema.org\",\"@graph\":[{\"@type\":\"WebPage\",\"@id\":\"https:\/\/aivlisoft.net\/shop\/producto\/ngs-fortune-teclado-inala-multidispositivo-bt\/\",\"url\":\"https:\/\/aivlisoft.net\/shop\/producto\/ngs-fortune-teclado-inala-multidispositivo-bt\/\",\"name\":\"NGS FORTUNE Teclado inala. multidispositivo BT - Aivlisoft Inform\u00e1tica\",\"isPartOf\":{\"@id\":\"https:\/\/aivlisoft.net\/shop\/#website\"},\"primaryImageOfPage\":{\"@id\":\"https:\/\/aivlisoft.net\/shop\/producto\/ngs-fortune-teclado-inala-multidispositivo-bt\/#primaryimage\"},\"image\":{\"@id\":\"https:\/\/aivlisoft.net\/shop\/producto\/ngs-fortune-teclado-inala-multidispositivo-bt\/#primaryimage\"},\"thumbnailUrl\":\"https:\/\/aivlisoft.net\/shop\/wp-content\/uploads\/2025\/01\/FTRTEI0014_800.jpg\",\"datePublished\":\"2025-01-13T14:10:59+00:00\",\"dateModified\":\"2025-01-15T10:36:30+00:00\",\"breadcrumb\":{\"@id\":\"https:\/\/aivlisoft.net\/shop\/producto\/ngs-fortune-teclado-inala-multidispositivo-bt\/#breadcrumb\"},\"inLanguage\":\"es\",\"potentialAction\":[{\"@type\":\"ReadAction\",\"target\":[\"https:\/\/aivlisoft.net\/shop\/producto\/ngs-fortune-teclado-inala-multidispositivo-bt\/\"]}]},{\"@type\":\"ImageObject\",\"inLanguage\":\"es\",\"@id\":\"https:\/\/aivlisoft.net\/shop\/producto\/ngs-fortune-teclado-inala-multidispositivo-bt\/#primaryimage\",\"url\":\"https:\/\/aivlisoft.net\/shop\/wp-content\/uploads\/2025\/01\/FTRTEI0014_800.jpg\",\"contentUrl\":\"https:\/\/aivlisoft.net\/shop\/wp-content\/uploads\/2025\/01\/FTRTEI0014_800.jpg\",\"width\":800,\"height\":800},{\"@type\":\"BreadcrumbList\",\"@id\":\"https:\/\/aivlisoft.net\/shop\/producto\/ngs-fortune-teclado-inala-multidispositivo-bt\/#breadcrumb\",\"itemListElement\":[{\"@type\":\"ListItem\",\"position\":1,\"name\":\"Portada\",\"item\":\"https:\/\/aivlisoft.net\/shop\/\"},{\"@type\":\"ListItem\",\"position\":2,\"name\":\"Tienda\",\"item\":\"https:\/\/aivlisoft.net\/shop\/tienda\/\"},{\"@type\":\"ListItem\",\"position\":3,\"name\":\"NGS FORTUNE Teclado inala. multidispositivo BT\"}]},{\"@type\":\"WebSite\",\"@id\":\"https:\/\/aivlisoft.net\/shop\/#website\",\"url\":\"https:\/\/aivlisoft.net\/shop\/\",\"name\":\"Aivlisoft Inform\u00e1tica\",\"description\":\"En Aivlisoft Inform\u00e1tica ofrecemos soluciones tecnol\u00f3gicas para empresas: venta de ordenadores, consumibles, perif\u00e9ricos y m\u00e1s. Calidad, atenci\u00f3n personalizada y los mejores precios para tu negocio.\",\"publisher\":{\"@id\":\"https:\/\/aivlisoft.net\/shop\/#organization\"},\"potentialAction\":[{\"@type\":\"SearchAction\",\"target\":{\"@type\":\"EntryPoint\",\"urlTemplate\":\"https:\/\/aivlisoft.net\/shop\/?s={search_term_string}\"},\"query-input\":{\"@type\":\"PropertyValueSpecification\",\"valueRequired\":true,\"valueName\":\"search_term_string\"}}],\"inLanguage\":\"es\"},{\"@type\":\"Organization\",\"@id\":\"https:\/\/aivlisoft.net\/shop\/#organization\",\"name\":\"Aivlisoft Inform\u00e1tica\",\"url\":\"https:\/\/aivlisoft.net\/shop\/\",\"logo\":{\"@type\":\"ImageObject\",\"inLanguage\":\"es\",\"@id\":\"https:\/\/aivlisoft.net\/shop\/#\/schema\/logo\/image\/\",\"url\":\"https:\/\/aivlisoft.net\/shop\/wp-content\/uploads\/2024\/12\/removal.ai_5b848c54-0cdf-4140-95c5-c5536bb7573b-logodef.png\",\"contentUrl\":\"https:\/\/aivlisoft.net\/shop\/wp-content\/uploads\/2024\/12\/removal.ai_5b848c54-0cdf-4140-95c5-c5536bb7573b-logodef.png\",\"width\":484,\"height\":182,\"caption\":\"Aivlisoft Inform\u00e1tica\"},\"image\":{\"@id\":\"https:\/\/aivlisoft.net\/shop\/#\/schema\/logo\/image\/\"}}]}<\/script>\n<!-- \/ Yoast SEO plugin. -->","yoast_head_json":{"title":"NGS FORTUNE Teclado inala. multidispositivo BT - Aivlisoft Inform\u00e1tica","robots":{"index":"index","follow":"follow","max-snippet":"max-snippet:-1","max-image-preview":"max-image-preview:large","max-video-preview":"max-video-preview:-1"},"canonical":"https:\/\/aivlisoft.net\/shop\/producto\/ngs-fortune-teclado-inala-multidispositivo-bt\/","og_locale":"es_ES","og_type":"article","og_title":"NGS FORTUNE Teclado inala. multidispositivo BT - Aivlisoft Inform\u00e1tica","og_description":"TECL INALAMB MULTIDISPOSITIVO BLUETOOTH NGS&nbsp; Marca NGS Modelo FORTUNE-BT Uso &#8211; TECL INALAMB MULTIDISPOSITIVO BLUETOOTH Especificaciones T&eacute;cnicas &#8211; Multimodo &nbsp;&nbsp; &nbsp; &#8211; Teclado recargable multimedia inal&aacute;mbrico compatible con Bluetooth: Multimodo BT5.0 + BT5.0 + BT5.0. &#8211; Recargable &nbsp;&nbsp; &nbsp; &#8211; 12 Teclas multimedia&nbsp; &#8211; Teclas X-type &nbsp;&nbsp; &nbsp; &#8211; Cuerpo de aluminio&nbsp; Contenido del Embalaje&hellip;&nbsp;NGS FORTUNE Teclado inala. multidispositivo BT","og_url":"https:\/\/aivlisoft.net\/shop\/producto\/ngs-fortune-teclado-inala-multidispositivo-bt\/","og_site_name":"Aivlisoft Inform\u00e1tica","article_modified_time":"2025-01-15T10:36:30+00:00","og_image":[{"width":800,"height":800,"url":"https:\/\/aivlisoft.net\/shop\/wp-content\/uploads\/2025\/01\/FTRTEI0014_800.jpg","type":"image\/jpeg"}],"twitter_card":"summary_large_image","schema":{"@context":"https:\/\/schema.org","@graph":[{"@type":"WebPage","@id":"https:\/\/aivlisoft.net\/shop\/producto\/ngs-fortune-teclado-inala-multidispositivo-bt\/","url":"https:\/\/aivlisoft.net\/shop\/producto\/ngs-fortune-teclado-inala-multidispositivo-bt\/","name":"NGS FORTUNE Teclado inala. multidispositivo BT - Aivlisoft Inform\u00e1tica","isPartOf":{"@id":"https:\/\/aivlisoft.net\/shop\/#website"},"primaryImageOfPage":{"@id":"https:\/\/aivlisoft.net\/shop\/producto\/ngs-fortune-teclado-inala-multidispositivo-bt\/#primaryimage"},"image":{"@id":"https:\/\/aivlisoft.net\/shop\/producto\/ngs-fortune-teclado-inala-multidispositivo-bt\/#primaryimage"},"thumbnailUrl":"https:\/\/aivlisoft.net\/shop\/wp-content\/uploads\/2025\/01\/FTRTEI0014_800.jpg","datePublished":"2025-01-13T14:10:59+00:00","dateModified":"2025-01-15T10:36:30+00:00","breadcrumb":{"@id":"https:\/\/aivlisoft.net\/shop\/producto\/ngs-fortune-teclado-inala-multidispositivo-bt\/#breadcrumb"},"inLanguage":"es","potentialAction":[{"@type":"ReadAction","target":["https:\/\/aivlisoft.net\/shop\/producto\/ngs-fortune-teclado-inala-multidispositivo-bt\/"]}]},{"@type":"ImageObject","inLanguage":"es","@id":"https:\/\/aivlisoft.net\/shop\/producto\/ngs-fortune-teclado-inala-multidispositivo-bt\/#primaryimage","url":"https:\/\/aivlisoft.net\/shop\/wp-content\/uploads\/2025\/01\/FTRTEI0014_800.jpg","contentUrl":"https:\/\/aivlisoft.net\/shop\/wp-content\/uploads\/2025\/01\/FTRTEI0014_800.jpg","width":800,"height":800},{"@type":"BreadcrumbList","@id":"https:\/\/aivlisoft.net\/shop\/producto\/ngs-fortune-teclado-inala-multidispositivo-bt\/#breadcrumb","itemListElement":[{"@type":"ListItem","position":1,"name":"Portada","item":"https:\/\/aivlisoft.net\/shop\/"},{"@type":"ListItem","position":2,"name":"Tienda","item":"https:\/\/aivlisoft.net\/shop\/tienda\/"},{"@type":"ListItem","position":3,"name":"NGS FORTUNE Teclado inala. multidispositivo BT"}]},{"@type":"WebSite","@id":"https:\/\/aivlisoft.net\/shop\/#website","url":"https:\/\/aivlisoft.net\/shop\/","name":"Aivlisoft Inform\u00e1tica","description":"En Aivlisoft Inform\u00e1tica ofrecemos soluciones tecnol\u00f3gicas para empresas: venta de ordenadores, consumibles, perif\u00e9ricos y m\u00e1s. Calidad, atenci\u00f3n personalizada y los mejores precios para tu negocio.","publisher":{"@id":"https:\/\/aivlisoft.net\/shop\/#organization"},"potentialAction":[{"@type":"SearchAction","target":{"@type":"EntryPoint","urlTemplate":"https:\/\/aivlisoft.net\/shop\/?s={search_term_string}"},"query-input":{"@type":"PropertyValueSpecification","valueRequired":true,"valueName":"search_term_string"}}],"inLanguage":"es"},{"@type":"Organization","@id":"https:\/\/aivlisoft.net\/shop\/#organization","name":"Aivlisoft Inform\u00e1tica","url":"https:\/\/aivlisoft.net\/shop\/","logo":{"@type":"ImageObject","inLanguage":"es","@id":"https:\/\/aivlisoft.net\/shop\/#\/schema\/logo\/image\/","url":"https:\/\/aivlisoft.net\/shop\/wp-content\/uploads\/2024\/12\/removal.ai_5b848c54-0cdf-4140-95c5-c5536bb7573b-logodef.png","contentUrl":"https:\/\/aivlisoft.net\/shop\/wp-content\/uploads\/2024\/12\/removal.ai_5b848c54-0cdf-4140-95c5-c5536bb7573b-logodef.png","width":484,"height":182,"caption":"Aivlisoft Inform\u00e1tica"},"image":{"@id":"https:\/\/aivlisoft.net\/shop\/#\/schema\/logo\/image\/"}}]}},"_links":{"self":[{"href":"https:\/\/aivlisoft.net\/shop\/wp-json\/wp\/v2\/product\/11069","targetHints":{"allow":["GET"]}}],"collection":[{"href":"https:\/\/aivlisoft.net\/shop\/wp-json\/wp\/v2\/product"}],"about":[{"href":"https:\/\/aivlisoft.net\/shop\/wp-json\/wp\/v2\/types\/product"}],"wp:featuredmedia":[{"embeddable":true,"href":"https:\/\/aivlisoft.net\/shop\/wp-json\/wp\/v2\/media\/11070"}],"wp:attachment":[{"href":"https:\/\/aivlisoft.net\/shop\/wp-json\/wp\/v2\/media?parent=11069"}],"wp:term":[{"taxonomy":"product_brand","embeddable":true,"href":"https:\/\/aivlisoft.net\/shop\/wp-json\/wp\/v2\/product_brand?post=11069"},{"taxonomy":"product_cat","embeddable":true,"href":"https:\/\/aivlisoft.net\/shop\/wp-json\/wp\/v2\/product_cat?post=11069"},{"taxonomy":"product_tag","embeddable":true,"href":"https:\/\/aivlisoft.net\/shop\/wp-json\/wp\/v2\/product_tag?post=11069"}],"curies":[{"name":"wp","href":"https:\/\/api.w.org\/{rel}","templated":true}]}}