{"id":11056,"date":"2025-01-13T14:10:52","date_gmt":"2025-01-13T14:10:52","guid":{"rendered":"https:\/\/aivlisoft.com\/?post_type=product&#038;p=11056"},"modified":"2025-01-15T10:37:38","modified_gmt":"2025-01-15T10:37:38","slug":"krom-klever-raton-gaming-superligero-wireless-blco","status":"publish","type":"product","link":"https:\/\/aivlisoft.net\/shop\/producto\/krom-klever-raton-gaming-superligero-wireless-blco\/","title":{"rendered":"KROM KLEVER Raton gaming superligero wireless Blco"},"content":{"rendered":"<p><\/p>\n<table class=\"tabla_caracteristicas\" width=\"100%\">\n<tr>\n<td valign=\"top\"><strong>Marca<\/strong><\/td>\n<td>KROM<\/td>\n<\/tr>\n<tr>\n<td valign=\"top\"><strong>Modelo<\/strong><\/td>\n<td><strong>NXKROMKLEVERWH<\/strong><\/td>\n<\/tr>\n<tr>\n<td valign=\"top\"><strong>Caracter&iacute;sticas<\/strong><\/td>\n<td><strong>Prestaciones<\/strong><br \/>\t\t\t&#8211; Sensor &oacute;ptico de precisi&oacute;n Pixart PMW3325<br \/>\t\t\t&#8211; Conexi&oacute;n Wireless 2.4 GHz o USB<br \/>\t\t\t&#8211; Peso ultraligero<br \/>\t\t\t&#8211; 6 niveles DPI (1200 &#8211; 2400 &#8211; 3200 &#8211; 4800 &#8211; 6400 &#8211; 10000)<br \/>\t\t\t<strong>Sensor<\/strong><br \/>\t\t\t&#8211; &Oacute;ptico: Pixart PMW3325<br \/>\t\t\t&#8211; Resoluci&oacute;n: 1200 &#8211; 2400 &#8211; 3200 &#8211; 4800 &#8211; 6400 &#8211; 10000 dpi<br \/>\t\t\t&#8211; Tasa de refresco: 125\/250\/500\/1000 Hz<br \/>\t\t\t&#8211; Aceleraci&oacute;n m&aacute;xima: 20 G<br \/>\t\t\t&#8211; Velocidad: 100 IPS<br \/>\t\t\t<strong>Botones<\/strong><br \/>\t\t\t&#8211; 6<br \/>\t\t\t&#8211; Switches inferiores:<br \/>\t\t\t&nbsp; Izquierda Modo 2.4 GHz | Modo USB | Modo 2.4 GHz<br \/>\t\t\t&nbsp; Derecha Frecuencia refresco: 125 \/ 250 \/ 500 \/ 1000 (por defecto 500 Hz)<br \/>\t\t\t<strong>Compatibilidad<\/strong><br \/>\t\t\t&#8211; Windows | MacOS | Android | PS4 &amp; PS5<br \/>\t\t\t<strong>Conexi&oacute;n<\/strong><br \/>\t\t\t&#8211; Wireless 2.4 GHz (receptor incluido en el interior del rat&oacute;n, bajo la tapa)<br \/>\t\t\t&#8211; USB Cable Type-C a USB (150 cm)<br \/>\t\t\t<strong>Bater&iacute;a<\/strong><br \/>\t\t\t&#8211; Tiempo de carga: 4 horas aprox.<br \/>\t\t\t&#8211; Tiempo de uso: 30 horas aprox.<br \/>\t\t\t&#8211; Bater&iacute;a de litio: 300 mAh<br \/>\t\t\t<strong>Dimensiones y peso<\/strong><br \/>\t\t\t&#8211; 119 x 40 x 62 mm<br \/>\t\t\t&#8211; 55 g<\/td>\n<\/tr>\n<tr>\n<td valign=\"top\"><strong>Fecha de revisi&oacute;n<\/strong><\/td>\n<td>08-11-2024 por RTY<\/td>\n<\/tr>\n<\/table>\n","protected":false},"excerpt":{"rendered":"<p>Marca KROM Modelo NXKROMKLEVERWH Caracter&iacute;sticas Prestaciones &#8211; Sensor &oacute;ptico de precisi&oacute;n Pixart PMW3325 &#8211; Conexi&oacute;n Wireless 2.4 GHz o USB &#8211; Peso ultraligero &#8211; 6 niveles DPI (1200 &#8211; 2400 &#8211; 3200 &#8211; 4800 &#8211; 6400 &#8211; 10000) Sensor &#8211; &Oacute;ptico: Pixart PMW3325 &#8211; Resoluci&oacute;n: 1200 &#8211; 2400 &#8211; 3200 &#8211; 4800 &#8211; 6400 &#8211;&hellip;&nbsp;<a href=\"https:\/\/aivlisoft.net\/shop\/producto\/krom-klever-raton-gaming-superligero-wireless-blco\/\" rel=\"bookmark\"><span class=\"screen-reader-text\">KROM KLEVER Raton gaming superligero wireless Blco<\/span><\/a><\/p>\n","protected":false},"featured_media":11057,"template":"","meta":{"neve_meta_sidebar":"","neve_meta_container":"","neve_meta_enable_content_width":"","neve_meta_content_width":0,"neve_meta_title_alignment":"","neve_meta_author_avatar":"","neve_post_elements_order":"","neve_meta_disable_header":"","neve_meta_disable_footer":"","neve_meta_disable_title":""},"product_brand":[],"product_cat":[15,790,1970,4099],"product_tag":[4318],"class_list":{"0":"post-11056","1":"product","2":"type-product","3":"status-publish","4":"has-post-thumbnail","6":"product_cat-sin-categorizar","7":"product_cat-accesorios-gaming","8":"product_cat-accesorios-pc-y-tpv","9":"product_cat-teclados-y-ratones","10":"product_tag-nxkromkleverwh","12":"first","13":"instock","14":"taxable","15":"shipping-taxable","16":"purchasable","17":"product-type-simple"},"yoast_head":"<!-- This site is optimized with the Yoast SEO plugin v26.0 - https:\/\/yoast.com\/wordpress\/plugins\/seo\/ -->\n<title>KROM KLEVER Raton gaming superligero wireless Blco - Aivlisoft Inform\u00e1tica<\/title>\n<meta name=\"robots\" content=\"index, follow, max-snippet:-1, max-image-preview:large, max-video-preview:-1\" \/>\n<link rel=\"canonical\" href=\"https:\/\/aivlisoft.net\/shop\/producto\/krom-klever-raton-gaming-superligero-wireless-blco\/\" \/>\n<meta property=\"og:locale\" content=\"es_ES\" \/>\n<meta property=\"og:type\" content=\"article\" \/>\n<meta property=\"og:title\" content=\"KROM KLEVER Raton gaming superligero wireless Blco - Aivlisoft Inform\u00e1tica\" \/>\n<meta property=\"og:description\" content=\"Marca KROM Modelo NXKROMKLEVERWH Caracter&iacute;sticas Prestaciones &#8211; Sensor &oacute;ptico de precisi&oacute;n Pixart PMW3325 &#8211; Conexi&oacute;n Wireless 2.4 GHz o USB &#8211; Peso ultraligero &#8211; 6 niveles DPI (1200 &#8211; 2400 &#8211; 3200 &#8211; 4800 &#8211; 6400 &#8211; 10000) Sensor &#8211; &Oacute;ptico: Pixart PMW3325 &#8211; Resoluci&oacute;n: 1200 &#8211; 2400 &#8211; 3200 &#8211; 4800 &#8211; 6400 &#8211;&hellip;&nbsp;KROM KLEVER Raton gaming superligero wireless Blco\" \/>\n<meta property=\"og:url\" content=\"https:\/\/aivlisoft.net\/shop\/producto\/krom-klever-raton-gaming-superligero-wireless-blco\/\" \/>\n<meta property=\"og:site_name\" content=\"Aivlisoft Inform\u00e1tica\" \/>\n<meta property=\"article:modified_time\" content=\"2025-01-15T10:37:38+00:00\" \/>\n<meta property=\"og:image\" content=\"https:\/\/aivlisoft.net\/shop\/wp-content\/uploads\/2025\/01\/FTRRIN0528_800.jpg\" \/>\n\t<meta property=\"og:image:width\" content=\"800\" \/>\n\t<meta property=\"og:image:height\" content=\"800\" \/>\n\t<meta property=\"og:image:type\" content=\"image\/jpeg\" \/>\n<meta name=\"twitter:card\" content=\"summary_large_image\" \/>\n<meta name=\"twitter:label1\" content=\"Tiempo de lectura\" \/>\n\t<meta name=\"twitter:data1\" content=\"1 minuto\" \/>\n<script type=\"application\/ld+json\" class=\"yoast-schema-graph\">{\"@context\":\"https:\/\/schema.org\",\"@graph\":[{\"@type\":\"WebPage\",\"@id\":\"https:\/\/aivlisoft.net\/shop\/producto\/krom-klever-raton-gaming-superligero-wireless-blco\/\",\"url\":\"https:\/\/aivlisoft.net\/shop\/producto\/krom-klever-raton-gaming-superligero-wireless-blco\/\",\"name\":\"KROM KLEVER Raton gaming superligero wireless Blco - Aivlisoft Inform\u00e1tica\",\"isPartOf\":{\"@id\":\"https:\/\/aivlisoft.net\/shop\/#website\"},\"primaryImageOfPage\":{\"@id\":\"https:\/\/aivlisoft.net\/shop\/producto\/krom-klever-raton-gaming-superligero-wireless-blco\/#primaryimage\"},\"image\":{\"@id\":\"https:\/\/aivlisoft.net\/shop\/producto\/krom-klever-raton-gaming-superligero-wireless-blco\/#primaryimage\"},\"thumbnailUrl\":\"https:\/\/aivlisoft.net\/shop\/wp-content\/uploads\/2025\/01\/FTRRIN0528_800.jpg\",\"datePublished\":\"2025-01-13T14:10:52+00:00\",\"dateModified\":\"2025-01-15T10:37:38+00:00\",\"breadcrumb\":{\"@id\":\"https:\/\/aivlisoft.net\/shop\/producto\/krom-klever-raton-gaming-superligero-wireless-blco\/#breadcrumb\"},\"inLanguage\":\"es\",\"potentialAction\":[{\"@type\":\"ReadAction\",\"target\":[\"https:\/\/aivlisoft.net\/shop\/producto\/krom-klever-raton-gaming-superligero-wireless-blco\/\"]}]},{\"@type\":\"ImageObject\",\"inLanguage\":\"es\",\"@id\":\"https:\/\/aivlisoft.net\/shop\/producto\/krom-klever-raton-gaming-superligero-wireless-blco\/#primaryimage\",\"url\":\"https:\/\/aivlisoft.net\/shop\/wp-content\/uploads\/2025\/01\/FTRRIN0528_800.jpg\",\"contentUrl\":\"https:\/\/aivlisoft.net\/shop\/wp-content\/uploads\/2025\/01\/FTRRIN0528_800.jpg\",\"width\":800,\"height\":800},{\"@type\":\"BreadcrumbList\",\"@id\":\"https:\/\/aivlisoft.net\/shop\/producto\/krom-klever-raton-gaming-superligero-wireless-blco\/#breadcrumb\",\"itemListElement\":[{\"@type\":\"ListItem\",\"position\":1,\"name\":\"Portada\",\"item\":\"https:\/\/aivlisoft.net\/shop\/\"},{\"@type\":\"ListItem\",\"position\":2,\"name\":\"Tienda\",\"item\":\"https:\/\/aivlisoft.net\/shop\/tienda\/\"},{\"@type\":\"ListItem\",\"position\":3,\"name\":\"KROM KLEVER Raton gaming superligero wireless Blco\"}]},{\"@type\":\"WebSite\",\"@id\":\"https:\/\/aivlisoft.net\/shop\/#website\",\"url\":\"https:\/\/aivlisoft.net\/shop\/\",\"name\":\"Aivlisoft Inform\u00e1tica\",\"description\":\"En Aivlisoft Inform\u00e1tica ofrecemos soluciones tecnol\u00f3gicas para empresas: venta de ordenadores, consumibles, perif\u00e9ricos y m\u00e1s. Calidad, atenci\u00f3n personalizada y los mejores precios para tu negocio.\",\"publisher\":{\"@id\":\"https:\/\/aivlisoft.net\/shop\/#organization\"},\"potentialAction\":[{\"@type\":\"SearchAction\",\"target\":{\"@type\":\"EntryPoint\",\"urlTemplate\":\"https:\/\/aivlisoft.net\/shop\/?s={search_term_string}\"},\"query-input\":{\"@type\":\"PropertyValueSpecification\",\"valueRequired\":true,\"valueName\":\"search_term_string\"}}],\"inLanguage\":\"es\"},{\"@type\":\"Organization\",\"@id\":\"https:\/\/aivlisoft.net\/shop\/#organization\",\"name\":\"Aivlisoft Inform\u00e1tica\",\"url\":\"https:\/\/aivlisoft.net\/shop\/\",\"logo\":{\"@type\":\"ImageObject\",\"inLanguage\":\"es\",\"@id\":\"https:\/\/aivlisoft.net\/shop\/#\/schema\/logo\/image\/\",\"url\":\"https:\/\/aivlisoft.net\/shop\/wp-content\/uploads\/2024\/12\/removal.ai_5b848c54-0cdf-4140-95c5-c5536bb7573b-logodef.png\",\"contentUrl\":\"https:\/\/aivlisoft.net\/shop\/wp-content\/uploads\/2024\/12\/removal.ai_5b848c54-0cdf-4140-95c5-c5536bb7573b-logodef.png\",\"width\":484,\"height\":182,\"caption\":\"Aivlisoft Inform\u00e1tica\"},\"image\":{\"@id\":\"https:\/\/aivlisoft.net\/shop\/#\/schema\/logo\/image\/\"}}]}<\/script>\n<!-- \/ Yoast SEO plugin. -->","yoast_head_json":{"title":"KROM KLEVER Raton gaming superligero wireless Blco - Aivlisoft Inform\u00e1tica","robots":{"index":"index","follow":"follow","max-snippet":"max-snippet:-1","max-image-preview":"max-image-preview:large","max-video-preview":"max-video-preview:-1"},"canonical":"https:\/\/aivlisoft.net\/shop\/producto\/krom-klever-raton-gaming-superligero-wireless-blco\/","og_locale":"es_ES","og_type":"article","og_title":"KROM KLEVER Raton gaming superligero wireless Blco - Aivlisoft Inform\u00e1tica","og_description":"Marca KROM Modelo NXKROMKLEVERWH Caracter&iacute;sticas Prestaciones &#8211; Sensor &oacute;ptico de precisi&oacute;n Pixart PMW3325 &#8211; Conexi&oacute;n Wireless 2.4 GHz o USB &#8211; Peso ultraligero &#8211; 6 niveles DPI (1200 &#8211; 2400 &#8211; 3200 &#8211; 4800 &#8211; 6400 &#8211; 10000) Sensor &#8211; &Oacute;ptico: Pixart PMW3325 &#8211; Resoluci&oacute;n: 1200 &#8211; 2400 &#8211; 3200 &#8211; 4800 &#8211; 6400 &#8211;&hellip;&nbsp;KROM KLEVER Raton gaming superligero wireless Blco","og_url":"https:\/\/aivlisoft.net\/shop\/producto\/krom-klever-raton-gaming-superligero-wireless-blco\/","og_site_name":"Aivlisoft Inform\u00e1tica","article_modified_time":"2025-01-15T10:37:38+00:00","og_image":[{"width":800,"height":800,"url":"https:\/\/aivlisoft.net\/shop\/wp-content\/uploads\/2025\/01\/FTRRIN0528_800.jpg","type":"image\/jpeg"}],"twitter_card":"summary_large_image","twitter_misc":{"Tiempo de lectura":"1 minuto"},"schema":{"@context":"https:\/\/schema.org","@graph":[{"@type":"WebPage","@id":"https:\/\/aivlisoft.net\/shop\/producto\/krom-klever-raton-gaming-superligero-wireless-blco\/","url":"https:\/\/aivlisoft.net\/shop\/producto\/krom-klever-raton-gaming-superligero-wireless-blco\/","name":"KROM KLEVER Raton gaming superligero wireless Blco - Aivlisoft Inform\u00e1tica","isPartOf":{"@id":"https:\/\/aivlisoft.net\/shop\/#website"},"primaryImageOfPage":{"@id":"https:\/\/aivlisoft.net\/shop\/producto\/krom-klever-raton-gaming-superligero-wireless-blco\/#primaryimage"},"image":{"@id":"https:\/\/aivlisoft.net\/shop\/producto\/krom-klever-raton-gaming-superligero-wireless-blco\/#primaryimage"},"thumbnailUrl":"https:\/\/aivlisoft.net\/shop\/wp-content\/uploads\/2025\/01\/FTRRIN0528_800.jpg","datePublished":"2025-01-13T14:10:52+00:00","dateModified":"2025-01-15T10:37:38+00:00","breadcrumb":{"@id":"https:\/\/aivlisoft.net\/shop\/producto\/krom-klever-raton-gaming-superligero-wireless-blco\/#breadcrumb"},"inLanguage":"es","potentialAction":[{"@type":"ReadAction","target":["https:\/\/aivlisoft.net\/shop\/producto\/krom-klever-raton-gaming-superligero-wireless-blco\/"]}]},{"@type":"ImageObject","inLanguage":"es","@id":"https:\/\/aivlisoft.net\/shop\/producto\/krom-klever-raton-gaming-superligero-wireless-blco\/#primaryimage","url":"https:\/\/aivlisoft.net\/shop\/wp-content\/uploads\/2025\/01\/FTRRIN0528_800.jpg","contentUrl":"https:\/\/aivlisoft.net\/shop\/wp-content\/uploads\/2025\/01\/FTRRIN0528_800.jpg","width":800,"height":800},{"@type":"BreadcrumbList","@id":"https:\/\/aivlisoft.net\/shop\/producto\/krom-klever-raton-gaming-superligero-wireless-blco\/#breadcrumb","itemListElement":[{"@type":"ListItem","position":1,"name":"Portada","item":"https:\/\/aivlisoft.net\/shop\/"},{"@type":"ListItem","position":2,"name":"Tienda","item":"https:\/\/aivlisoft.net\/shop\/tienda\/"},{"@type":"ListItem","position":3,"name":"KROM KLEVER Raton gaming superligero wireless Blco"}]},{"@type":"WebSite","@id":"https:\/\/aivlisoft.net\/shop\/#website","url":"https:\/\/aivlisoft.net\/shop\/","name":"Aivlisoft Inform\u00e1tica","description":"En Aivlisoft Inform\u00e1tica ofrecemos soluciones tecnol\u00f3gicas para empresas: venta de ordenadores, consumibles, perif\u00e9ricos y m\u00e1s. Calidad, atenci\u00f3n personalizada y los mejores precios para tu negocio.","publisher":{"@id":"https:\/\/aivlisoft.net\/shop\/#organization"},"potentialAction":[{"@type":"SearchAction","target":{"@type":"EntryPoint","urlTemplate":"https:\/\/aivlisoft.net\/shop\/?s={search_term_string}"},"query-input":{"@type":"PropertyValueSpecification","valueRequired":true,"valueName":"search_term_string"}}],"inLanguage":"es"},{"@type":"Organization","@id":"https:\/\/aivlisoft.net\/shop\/#organization","name":"Aivlisoft Inform\u00e1tica","url":"https:\/\/aivlisoft.net\/shop\/","logo":{"@type":"ImageObject","inLanguage":"es","@id":"https:\/\/aivlisoft.net\/shop\/#\/schema\/logo\/image\/","url":"https:\/\/aivlisoft.net\/shop\/wp-content\/uploads\/2024\/12\/removal.ai_5b848c54-0cdf-4140-95c5-c5536bb7573b-logodef.png","contentUrl":"https:\/\/aivlisoft.net\/shop\/wp-content\/uploads\/2024\/12\/removal.ai_5b848c54-0cdf-4140-95c5-c5536bb7573b-logodef.png","width":484,"height":182,"caption":"Aivlisoft Inform\u00e1tica"},"image":{"@id":"https:\/\/aivlisoft.net\/shop\/#\/schema\/logo\/image\/"}}]}},"_links":{"self":[{"href":"https:\/\/aivlisoft.net\/shop\/wp-json\/wp\/v2\/product\/11056","targetHints":{"allow":["GET"]}}],"collection":[{"href":"https:\/\/aivlisoft.net\/shop\/wp-json\/wp\/v2\/product"}],"about":[{"href":"https:\/\/aivlisoft.net\/shop\/wp-json\/wp\/v2\/types\/product"}],"wp:featuredmedia":[{"embeddable":true,"href":"https:\/\/aivlisoft.net\/shop\/wp-json\/wp\/v2\/media\/11057"}],"wp:attachment":[{"href":"https:\/\/aivlisoft.net\/shop\/wp-json\/wp\/v2\/media?parent=11056"}],"wp:term":[{"taxonomy":"product_brand","embeddable":true,"href":"https:\/\/aivlisoft.net\/shop\/wp-json\/wp\/v2\/product_brand?post=11056"},{"taxonomy":"product_cat","embeddable":true,"href":"https:\/\/aivlisoft.net\/shop\/wp-json\/wp\/v2\/product_cat?post=11056"},{"taxonomy":"product_tag","embeddable":true,"href":"https:\/\/aivlisoft.net\/shop\/wp-json\/wp\/v2\/product_tag?post=11056"}],"curies":[{"name":"wp","href":"https:\/\/api.w.org\/{rel}","templated":true}]}}