{"id":10898,"date":"2025-01-13T14:09:30","date_gmt":"2025-01-13T14:09:30","guid":{"rendered":"https:\/\/aivlisoft.com\/?post_type=product&#038;p=10898"},"modified":"2025-01-15T10:41:25","modified_gmt":"2025-01-15T10:41:25","slug":"cherry-raton-bluetooth-con-pilas-multidispositivo","status":"publish","type":"product","link":"https:\/\/aivlisoft.net\/shop\/producto\/cherry-raton-bluetooth-con-pilas-multidispositivo\/","title":{"rendered":"CHERRY Raton Bluetooth con pilas, multidispositivo"},"content":{"rendered":"<p><\/p>\n<table class=\"tabla_caracteristicas\" width=\"100%\">\n<tr>\n<td valign=\"top\"><strong>Marca<\/strong><\/td>\n<td>Cherry<\/td>\n<\/tr>\n<tr>\n<td valign=\"top\"><strong>Modelo<\/strong><\/td>\n<td><strong>JW-7500<\/strong><\/td>\n<\/tr>\n<tr>\n<td valign=\"top\"><strong>Caracter&iacute;sticas<\/strong><\/td>\n<td>&#8211; Inal&aacute;mbrico<br \/>\t\t\t&#8211; Sensor &oacute;ptico de alta precisi&oacute;n<br \/>\t\t\t&#8211; Protocolo Bluetooth: Bluetooth 5.0<br \/>\t\t\t&#8211; Alcance del Bluetooth: 10 m<br \/>\t\t\t&#8211; Encriptaci&oacute;n en modo Bluetooth<br \/>\t\t\t&#8211; N&uacute;mero de botones: 7<br \/>\t\t\t&#8211; Iluminaci&oacute;n: azul<br \/>\t\t\t&#8211; Botones del pulgar<br \/>\t\t\t&#8211; Interruptor DPI &nbsp;&nbsp; &nbsp;<br \/>\t\t\t&#8211; Niveles de DPI : 2<br \/>\t\t\t&#8211; Max. Resoluci&oacute;n (dpi): 2.000 dpi<br \/>\t\t\t&#8211; 2 x bater&iacute;as (no recargable) &nbsp;&nbsp; &nbsp;<br \/>\t\t\t&#8211; Bater&iacute;a reemplazable<br \/>\t\t\t&#8211; Batterie Bauform: AAA<br \/>\t\t\t&#8211; Sistema operativo: Windows 10 or higher<br \/>\t\t\t&#8211; Temperatura de almacenamiento M&aacute;x.: 60 &deg;C<br \/>\t\t\t&#8211; Temperatura de almacenamiento M&iacute;n.: -20 &deg;C<br \/>\t\t\t&#8211; Bolsa de transporte incluida<br \/>\t\t\t<strong>Dimensiones y peso<\/strong><br \/>\t\t\t&#8211; 70 x 35 x 112 mm<br \/>\t\t\t&#8211; 95 g<\/td>\n<\/tr>\n<tr>\n<td valign=\"top\"><strong>Fecha de revisi&oacute;n<\/strong><\/td>\n<td>27-06-2023 por RTY<\/td>\n<\/tr>\n<\/table>\n","protected":false},"excerpt":{"rendered":"<p>Marca Cherry Modelo JW-7500 Caracter&iacute;sticas &#8211; Inal&aacute;mbrico &#8211; Sensor &oacute;ptico de alta precisi&oacute;n &#8211; Protocolo Bluetooth: Bluetooth 5.0 &#8211; Alcance del Bluetooth: 10 m &#8211; Encriptaci&oacute;n en modo Bluetooth &#8211; N&uacute;mero de botones: 7 &#8211; Iluminaci&oacute;n: azul &#8211; Botones del pulgar &#8211; Interruptor DPI &nbsp;&nbsp; &nbsp; &#8211; Niveles de DPI : 2 &#8211; Max. Resoluci&oacute;n&hellip;&nbsp;<a href=\"https:\/\/aivlisoft.net\/shop\/producto\/cherry-raton-bluetooth-con-pilas-multidispositivo\/\" rel=\"bookmark\"><span class=\"screen-reader-text\">CHERRY Raton Bluetooth con pilas, multidispositivo<\/span><\/a><\/p>\n","protected":false},"featured_media":10899,"template":"","meta":{"neve_meta_sidebar":"","neve_meta_container":"","neve_meta_enable_content_width":"","neve_meta_content_width":0,"neve_meta_title_alignment":"","neve_meta_author_avatar":"","neve_post_elements_order":"","neve_meta_disable_header":"","neve_meta_disable_footer":"","neve_meta_disable_title":""},"product_brand":[],"product_cat":[15,790,1970,4099],"product_tag":[4268],"class_list":{"0":"post-10898","1":"product","2":"type-product","3":"status-publish","4":"has-post-thumbnail","6":"product_cat-sin-categorizar","7":"product_cat-accesorios-gaming","8":"product_cat-accesorios-pc-y-tpv","9":"product_cat-teclados-y-ratones","10":"product_tag-jw-7500","12":"first","13":"instock","14":"taxable","15":"shipping-taxable","16":"purchasable","17":"product-type-simple"},"yoast_head":"<!-- This site is optimized with the Yoast SEO plugin v26.0 - https:\/\/yoast.com\/wordpress\/plugins\/seo\/ -->\n<title>CHERRY Raton Bluetooth con pilas, multidispositivo - Aivlisoft Inform\u00e1tica<\/title>\n<meta name=\"robots\" content=\"index, follow, max-snippet:-1, max-image-preview:large, max-video-preview:-1\" \/>\n<link rel=\"canonical\" href=\"https:\/\/aivlisoft.net\/shop\/producto\/cherry-raton-bluetooth-con-pilas-multidispositivo\/\" \/>\n<meta property=\"og:locale\" content=\"es_ES\" \/>\n<meta property=\"og:type\" content=\"article\" \/>\n<meta property=\"og:title\" content=\"CHERRY Raton Bluetooth con pilas, multidispositivo - Aivlisoft Inform\u00e1tica\" \/>\n<meta property=\"og:description\" content=\"Marca Cherry Modelo JW-7500 Caracter&iacute;sticas &#8211; Inal&aacute;mbrico &#8211; Sensor &oacute;ptico de alta precisi&oacute;n &#8211; Protocolo Bluetooth: Bluetooth 5.0 &#8211; Alcance del Bluetooth: 10 m &#8211; Encriptaci&oacute;n en modo Bluetooth &#8211; N&uacute;mero de botones: 7 &#8211; Iluminaci&oacute;n: azul &#8211; Botones del pulgar &#8211; Interruptor DPI &nbsp;&nbsp; &nbsp; &#8211; Niveles de DPI : 2 &#8211; Max. Resoluci&oacute;n&hellip;&nbsp;CHERRY Raton Bluetooth con pilas, multidispositivo\" \/>\n<meta property=\"og:url\" content=\"https:\/\/aivlisoft.net\/shop\/producto\/cherry-raton-bluetooth-con-pilas-multidispositivo\/\" \/>\n<meta property=\"og:site_name\" content=\"Aivlisoft Inform\u00e1tica\" \/>\n<meta property=\"article:modified_time\" content=\"2025-01-15T10:41:25+00:00\" \/>\n<meta property=\"og:image\" content=\"https:\/\/aivlisoft.net\/shop\/wp-content\/uploads\/2025\/01\/FTRRIN0476_800.jpg\" \/>\n\t<meta property=\"og:image:width\" content=\"800\" \/>\n\t<meta property=\"og:image:height\" content=\"800\" \/>\n\t<meta property=\"og:image:type\" content=\"image\/jpeg\" \/>\n<meta name=\"twitter:card\" content=\"summary_large_image\" \/>\n<meta name=\"twitter:label1\" content=\"Tiempo de lectura\" \/>\n\t<meta name=\"twitter:data1\" content=\"1 minuto\" \/>\n<script type=\"application\/ld+json\" class=\"yoast-schema-graph\">{\"@context\":\"https:\/\/schema.org\",\"@graph\":[{\"@type\":\"WebPage\",\"@id\":\"https:\/\/aivlisoft.net\/shop\/producto\/cherry-raton-bluetooth-con-pilas-multidispositivo\/\",\"url\":\"https:\/\/aivlisoft.net\/shop\/producto\/cherry-raton-bluetooth-con-pilas-multidispositivo\/\",\"name\":\"CHERRY Raton Bluetooth con pilas, multidispositivo - Aivlisoft Inform\u00e1tica\",\"isPartOf\":{\"@id\":\"https:\/\/aivlisoft.net\/shop\/#website\"},\"primaryImageOfPage\":{\"@id\":\"https:\/\/aivlisoft.net\/shop\/producto\/cherry-raton-bluetooth-con-pilas-multidispositivo\/#primaryimage\"},\"image\":{\"@id\":\"https:\/\/aivlisoft.net\/shop\/producto\/cherry-raton-bluetooth-con-pilas-multidispositivo\/#primaryimage\"},\"thumbnailUrl\":\"https:\/\/aivlisoft.net\/shop\/wp-content\/uploads\/2025\/01\/FTRRIN0476_800.jpg\",\"datePublished\":\"2025-01-13T14:09:30+00:00\",\"dateModified\":\"2025-01-15T10:41:25+00:00\",\"breadcrumb\":{\"@id\":\"https:\/\/aivlisoft.net\/shop\/producto\/cherry-raton-bluetooth-con-pilas-multidispositivo\/#breadcrumb\"},\"inLanguage\":\"es\",\"potentialAction\":[{\"@type\":\"ReadAction\",\"target\":[\"https:\/\/aivlisoft.net\/shop\/producto\/cherry-raton-bluetooth-con-pilas-multidispositivo\/\"]}]},{\"@type\":\"ImageObject\",\"inLanguage\":\"es\",\"@id\":\"https:\/\/aivlisoft.net\/shop\/producto\/cherry-raton-bluetooth-con-pilas-multidispositivo\/#primaryimage\",\"url\":\"https:\/\/aivlisoft.net\/shop\/wp-content\/uploads\/2025\/01\/FTRRIN0476_800.jpg\",\"contentUrl\":\"https:\/\/aivlisoft.net\/shop\/wp-content\/uploads\/2025\/01\/FTRRIN0476_800.jpg\",\"width\":800,\"height\":800},{\"@type\":\"BreadcrumbList\",\"@id\":\"https:\/\/aivlisoft.net\/shop\/producto\/cherry-raton-bluetooth-con-pilas-multidispositivo\/#breadcrumb\",\"itemListElement\":[{\"@type\":\"ListItem\",\"position\":1,\"name\":\"Portada\",\"item\":\"https:\/\/aivlisoft.net\/shop\/\"},{\"@type\":\"ListItem\",\"position\":2,\"name\":\"Tienda\",\"item\":\"https:\/\/aivlisoft.net\/shop\/tienda\/\"},{\"@type\":\"ListItem\",\"position\":3,\"name\":\"CHERRY Raton Bluetooth con pilas, multidispositivo\"}]},{\"@type\":\"WebSite\",\"@id\":\"https:\/\/aivlisoft.net\/shop\/#website\",\"url\":\"https:\/\/aivlisoft.net\/shop\/\",\"name\":\"Aivlisoft Inform\u00e1tica\",\"description\":\"En Aivlisoft Inform\u00e1tica ofrecemos soluciones tecnol\u00f3gicas para empresas: venta de ordenadores, consumibles, perif\u00e9ricos y m\u00e1s. Calidad, atenci\u00f3n personalizada y los mejores precios para tu negocio.\",\"publisher\":{\"@id\":\"https:\/\/aivlisoft.net\/shop\/#organization\"},\"potentialAction\":[{\"@type\":\"SearchAction\",\"target\":{\"@type\":\"EntryPoint\",\"urlTemplate\":\"https:\/\/aivlisoft.net\/shop\/?s={search_term_string}\"},\"query-input\":{\"@type\":\"PropertyValueSpecification\",\"valueRequired\":true,\"valueName\":\"search_term_string\"}}],\"inLanguage\":\"es\"},{\"@type\":\"Organization\",\"@id\":\"https:\/\/aivlisoft.net\/shop\/#organization\",\"name\":\"Aivlisoft Inform\u00e1tica\",\"url\":\"https:\/\/aivlisoft.net\/shop\/\",\"logo\":{\"@type\":\"ImageObject\",\"inLanguage\":\"es\",\"@id\":\"https:\/\/aivlisoft.net\/shop\/#\/schema\/logo\/image\/\",\"url\":\"https:\/\/aivlisoft.net\/shop\/wp-content\/uploads\/2024\/12\/removal.ai_5b848c54-0cdf-4140-95c5-c5536bb7573b-logodef.png\",\"contentUrl\":\"https:\/\/aivlisoft.net\/shop\/wp-content\/uploads\/2024\/12\/removal.ai_5b848c54-0cdf-4140-95c5-c5536bb7573b-logodef.png\",\"width\":484,\"height\":182,\"caption\":\"Aivlisoft Inform\u00e1tica\"},\"image\":{\"@id\":\"https:\/\/aivlisoft.net\/shop\/#\/schema\/logo\/image\/\"}}]}<\/script>\n<!-- \/ Yoast SEO plugin. -->","yoast_head_json":{"title":"CHERRY Raton Bluetooth con pilas, multidispositivo - Aivlisoft Inform\u00e1tica","robots":{"index":"index","follow":"follow","max-snippet":"max-snippet:-1","max-image-preview":"max-image-preview:large","max-video-preview":"max-video-preview:-1"},"canonical":"https:\/\/aivlisoft.net\/shop\/producto\/cherry-raton-bluetooth-con-pilas-multidispositivo\/","og_locale":"es_ES","og_type":"article","og_title":"CHERRY Raton Bluetooth con pilas, multidispositivo - Aivlisoft Inform\u00e1tica","og_description":"Marca Cherry Modelo JW-7500 Caracter&iacute;sticas &#8211; Inal&aacute;mbrico &#8211; Sensor &oacute;ptico de alta precisi&oacute;n &#8211; Protocolo Bluetooth: Bluetooth 5.0 &#8211; Alcance del Bluetooth: 10 m &#8211; Encriptaci&oacute;n en modo Bluetooth &#8211; N&uacute;mero de botones: 7 &#8211; Iluminaci&oacute;n: azul &#8211; Botones del pulgar &#8211; Interruptor DPI &nbsp;&nbsp; &nbsp; &#8211; Niveles de DPI : 2 &#8211; Max. Resoluci&oacute;n&hellip;&nbsp;CHERRY Raton Bluetooth con pilas, multidispositivo","og_url":"https:\/\/aivlisoft.net\/shop\/producto\/cherry-raton-bluetooth-con-pilas-multidispositivo\/","og_site_name":"Aivlisoft Inform\u00e1tica","article_modified_time":"2025-01-15T10:41:25+00:00","og_image":[{"width":800,"height":800,"url":"https:\/\/aivlisoft.net\/shop\/wp-content\/uploads\/2025\/01\/FTRRIN0476_800.jpg","type":"image\/jpeg"}],"twitter_card":"summary_large_image","twitter_misc":{"Tiempo de lectura":"1 minuto"},"schema":{"@context":"https:\/\/schema.org","@graph":[{"@type":"WebPage","@id":"https:\/\/aivlisoft.net\/shop\/producto\/cherry-raton-bluetooth-con-pilas-multidispositivo\/","url":"https:\/\/aivlisoft.net\/shop\/producto\/cherry-raton-bluetooth-con-pilas-multidispositivo\/","name":"CHERRY Raton Bluetooth con pilas, multidispositivo - Aivlisoft Inform\u00e1tica","isPartOf":{"@id":"https:\/\/aivlisoft.net\/shop\/#website"},"primaryImageOfPage":{"@id":"https:\/\/aivlisoft.net\/shop\/producto\/cherry-raton-bluetooth-con-pilas-multidispositivo\/#primaryimage"},"image":{"@id":"https:\/\/aivlisoft.net\/shop\/producto\/cherry-raton-bluetooth-con-pilas-multidispositivo\/#primaryimage"},"thumbnailUrl":"https:\/\/aivlisoft.net\/shop\/wp-content\/uploads\/2025\/01\/FTRRIN0476_800.jpg","datePublished":"2025-01-13T14:09:30+00:00","dateModified":"2025-01-15T10:41:25+00:00","breadcrumb":{"@id":"https:\/\/aivlisoft.net\/shop\/producto\/cherry-raton-bluetooth-con-pilas-multidispositivo\/#breadcrumb"},"inLanguage":"es","potentialAction":[{"@type":"ReadAction","target":["https:\/\/aivlisoft.net\/shop\/producto\/cherry-raton-bluetooth-con-pilas-multidispositivo\/"]}]},{"@type":"ImageObject","inLanguage":"es","@id":"https:\/\/aivlisoft.net\/shop\/producto\/cherry-raton-bluetooth-con-pilas-multidispositivo\/#primaryimage","url":"https:\/\/aivlisoft.net\/shop\/wp-content\/uploads\/2025\/01\/FTRRIN0476_800.jpg","contentUrl":"https:\/\/aivlisoft.net\/shop\/wp-content\/uploads\/2025\/01\/FTRRIN0476_800.jpg","width":800,"height":800},{"@type":"BreadcrumbList","@id":"https:\/\/aivlisoft.net\/shop\/producto\/cherry-raton-bluetooth-con-pilas-multidispositivo\/#breadcrumb","itemListElement":[{"@type":"ListItem","position":1,"name":"Portada","item":"https:\/\/aivlisoft.net\/shop\/"},{"@type":"ListItem","position":2,"name":"Tienda","item":"https:\/\/aivlisoft.net\/shop\/tienda\/"},{"@type":"ListItem","position":3,"name":"CHERRY Raton Bluetooth con pilas, multidispositivo"}]},{"@type":"WebSite","@id":"https:\/\/aivlisoft.net\/shop\/#website","url":"https:\/\/aivlisoft.net\/shop\/","name":"Aivlisoft Inform\u00e1tica","description":"En Aivlisoft Inform\u00e1tica ofrecemos soluciones tecnol\u00f3gicas para empresas: venta de ordenadores, consumibles, perif\u00e9ricos y m\u00e1s. Calidad, atenci\u00f3n personalizada y los mejores precios para tu negocio.","publisher":{"@id":"https:\/\/aivlisoft.net\/shop\/#organization"},"potentialAction":[{"@type":"SearchAction","target":{"@type":"EntryPoint","urlTemplate":"https:\/\/aivlisoft.net\/shop\/?s={search_term_string}"},"query-input":{"@type":"PropertyValueSpecification","valueRequired":true,"valueName":"search_term_string"}}],"inLanguage":"es"},{"@type":"Organization","@id":"https:\/\/aivlisoft.net\/shop\/#organization","name":"Aivlisoft Inform\u00e1tica","url":"https:\/\/aivlisoft.net\/shop\/","logo":{"@type":"ImageObject","inLanguage":"es","@id":"https:\/\/aivlisoft.net\/shop\/#\/schema\/logo\/image\/","url":"https:\/\/aivlisoft.net\/shop\/wp-content\/uploads\/2024\/12\/removal.ai_5b848c54-0cdf-4140-95c5-c5536bb7573b-logodef.png","contentUrl":"https:\/\/aivlisoft.net\/shop\/wp-content\/uploads\/2024\/12\/removal.ai_5b848c54-0cdf-4140-95c5-c5536bb7573b-logodef.png","width":484,"height":182,"caption":"Aivlisoft Inform\u00e1tica"},"image":{"@id":"https:\/\/aivlisoft.net\/shop\/#\/schema\/logo\/image\/"}}]}},"_links":{"self":[{"href":"https:\/\/aivlisoft.net\/shop\/wp-json\/wp\/v2\/product\/10898","targetHints":{"allow":["GET"]}}],"collection":[{"href":"https:\/\/aivlisoft.net\/shop\/wp-json\/wp\/v2\/product"}],"about":[{"href":"https:\/\/aivlisoft.net\/shop\/wp-json\/wp\/v2\/types\/product"}],"wp:featuredmedia":[{"embeddable":true,"href":"https:\/\/aivlisoft.net\/shop\/wp-json\/wp\/v2\/media\/10899"}],"wp:attachment":[{"href":"https:\/\/aivlisoft.net\/shop\/wp-json\/wp\/v2\/media?parent=10898"}],"wp:term":[{"taxonomy":"product_brand","embeddable":true,"href":"https:\/\/aivlisoft.net\/shop\/wp-json\/wp\/v2\/product_brand?post=10898"},{"taxonomy":"product_cat","embeddable":true,"href":"https:\/\/aivlisoft.net\/shop\/wp-json\/wp\/v2\/product_cat?post=10898"},{"taxonomy":"product_tag","embeddable":true,"href":"https:\/\/aivlisoft.net\/shop\/wp-json\/wp\/v2\/product_tag?post=10898"}],"curies":[{"name":"wp","href":"https:\/\/api.w.org\/{rel}","templated":true}]}}