{"id":10712,"date":"2025-01-13T14:07:36","date_gmt":"2025-01-13T14:07:36","guid":{"rendered":"https:\/\/aivlisoft.com\/?post_type=product&#038;p=10712"},"modified":"2025-01-15T10:41:39","modified_gmt":"2025-01-15T10:41:39","slug":"spirit-of-gamer-pack-teclado-rato-alfombrilla","status":"publish","type":"product","link":"https:\/\/aivlisoft.net\/shop\/producto\/spirit-of-gamer-pack-teclado-rato-alfombrilla\/","title":{"rendered":"Spirit of Gamer Pack Teclado+ Rato+ Alfombrilla"},"content":{"rendered":"<p><\/p>\n<table class=\"tabla_caracteristicas\" width=\"100%\">\n<tr>\n<td valign=\"top\"><strong>Marca<\/strong><\/td>\n<td>Spirit of Game<\/td>\n<\/tr>\n<tr>\n<td valign=\"top\"><strong>Modelo<\/strong><\/td>\n<td><strong>SOG-3IN1-ES<\/strong><\/td>\n<\/tr>\n<tr>\n<td valign=\"top\"><strong>Teclado<\/strong><\/td>\n<td>&#8211; 2 x teclas especiales Volumen +\/-<br \/>\t\t\t&#8211; 4 x teclas especiales Juego (Macro programable)<br \/>\t\t\t&#8211; 26 x Toques Antighosting<br \/>\t\t\t&#8211; 105 teclas semimec&aacute;nicas de membrana<br \/>\t\t\t&#8211; Accesorios multimedia 12<br \/>\t\t\t&#8211; Cuchillo integrado<br \/>\t\t\t&#8211; Est&aacute;ndar AZERTY Francia<br \/>\t\t\t&#8211; Longitud del cable USB 1,6 metros<br \/>\t\t\t&#8211; Marco de pl&aacute;stico ABS<br \/>\t\t\t&#8211; Regulable en altura 1 posici&oacute;n<br \/>\t\t\t&#8211; Retroiluminaci&oacute;n Red Devil y modo de respiraci&oacute;n (brillo ajustable)<br \/>\t\t\t<strong>Dimensiones y peso<\/strong><br \/>\t\t\t&#8211; 47,8 x 19,5 x 3,4 cm<br \/>\t\t\t&#8211; 6800 g<\/td>\n<\/tr>\n<tr>\n<td valign=\"top\"><strong>Rat&oacute;n<\/strong><\/td>\n<td>&#8211; 7 x Botones<br \/>\t\t\t&#8211; Aceleraci&oacute;n 8 G<br \/>\t\t\t&#8211; Bot&oacute;n especial RapidFire<br \/>\t\t\t&#8211; Configuraci&oacute;n de niveles de resoluci&oacute;n<br \/>\t\t\t&#8211; Frecuencia 125 Hz<br \/>\t\t\t&#8211; Iluminaci&oacute;n trasera RGB personalizable<br \/>\t\t\t&#8211; Longitud del cable USB 1,5 m<br \/>\t\t\t&#8211; Material: pl&aacute;stico ABS<br \/>\t\t\t&#8211; Sensor &oacute;ptico 3200 DPI m&aacute;ximo<br \/>\t\t\t&#8211; Software intuitivo: editor de macros, ajustes del rat&oacute;n<br \/>\t\t\t<strong>Dimensiones y peso<\/strong><br \/>\t\t\t&#8211; 12,9 x 7,6 x 4,2 cm<br \/>\t\t\t&#8211; 140 g<br \/>\t\t\t&#8211; Peso personalizable: con 6 contrapesos de 5 g<\/td>\n<\/tr>\n<tr>\n<td valign=\"top\"><strong>Tapete rat&oacute;n<\/strong><\/td>\n<td>&#8211; Dise&ntilde;o Skull Spirit Diablo Rojo<br \/>\t\t\t&#8211; Superficie flexible y base de la alfombra antideslizante<br \/>\t\t\t&#8211; Tama&ntilde;o S<br \/>\t\t\t<strong>Dimensiones y peso<\/strong><br \/>\t\t\t&#8211; 24 x 19 cm \/ espesor: 3 mm<br \/>\t\t\t&#8211; 80 g<\/td>\n<\/tr>\n<tr>\n<td valign=\"top\"><strong>Fecha de revisi&oacute;n<\/strong><\/td>\n<td>24-07-2024 por RTY<\/td>\n<\/tr>\n<\/table>\n","protected":false},"excerpt":{"rendered":"<p>Marca Spirit of Game Modelo SOG-3IN1-ES Teclado &#8211; 2 x teclas especiales Volumen +\/- &#8211; 4 x teclas especiales Juego (Macro programable) &#8211; 26 x Toques Antighosting &#8211; 105 teclas semimec&aacute;nicas de membrana &#8211; Accesorios multimedia 12 &#8211; Cuchillo integrado &#8211; Est&aacute;ndar AZERTY Francia &#8211; Longitud del cable USB 1,6 metros &#8211; Marco de pl&aacute;stico&hellip;&nbsp;<a href=\"https:\/\/aivlisoft.net\/shop\/producto\/spirit-of-gamer-pack-teclado-rato-alfombrilla\/\" rel=\"bookmark\"><span class=\"screen-reader-text\">Spirit of Gamer Pack Teclado+ Rato+ Alfombrilla<\/span><\/a><\/p>\n","protected":false},"featured_media":10713,"template":"","meta":{"neve_meta_sidebar":"","neve_meta_container":"","neve_meta_enable_content_width":"","neve_meta_content_width":0,"neve_meta_title_alignment":"","neve_meta_author_avatar":"","neve_post_elements_order":"","neve_meta_disable_header":"","neve_meta_disable_footer":"","neve_meta_disable_title":""},"product_brand":[],"product_cat":[15,790,1970,4099],"product_tag":[4143],"class_list":{"0":"post-10712","1":"product","2":"type-product","3":"status-publish","4":"has-post-thumbnail","6":"product_cat-sin-categorizar","7":"product_cat-accesorios-gaming","8":"product_cat-accesorios-pc-y-tpv","9":"product_cat-teclados-y-ratones","10":"product_tag-sog-3in1-es","12":"first","13":"instock","14":"taxable","15":"shipping-taxable","16":"purchasable","17":"product-type-simple"},"yoast_head":"<!-- This site is optimized with the Yoast SEO plugin v26.0 - https:\/\/yoast.com\/wordpress\/plugins\/seo\/ -->\n<title>Spirit of Gamer Pack Teclado+ Rato+ Alfombrilla - Aivlisoft Inform\u00e1tica<\/title>\n<meta name=\"robots\" content=\"index, follow, max-snippet:-1, max-image-preview:large, max-video-preview:-1\" \/>\n<link rel=\"canonical\" href=\"https:\/\/aivlisoft.net\/shop\/producto\/spirit-of-gamer-pack-teclado-rato-alfombrilla\/\" \/>\n<meta property=\"og:locale\" content=\"es_ES\" \/>\n<meta property=\"og:type\" content=\"article\" \/>\n<meta property=\"og:title\" content=\"Spirit of Gamer Pack Teclado+ Rato+ Alfombrilla - Aivlisoft Inform\u00e1tica\" \/>\n<meta property=\"og:description\" content=\"Marca Spirit of Game Modelo SOG-3IN1-ES Teclado &#8211; 2 x teclas especiales Volumen +\/- &#8211; 4 x teclas especiales Juego (Macro programable) &#8211; 26 x Toques Antighosting &#8211; 105 teclas semimec&aacute;nicas de membrana &#8211; Accesorios multimedia 12 &#8211; Cuchillo integrado &#8211; Est&aacute;ndar AZERTY Francia &#8211; Longitud del cable USB 1,6 metros &#8211; Marco de pl&aacute;stico&hellip;&nbsp;Spirit of Gamer Pack Teclado+ Rato+ Alfombrilla\" \/>\n<meta property=\"og:url\" content=\"https:\/\/aivlisoft.net\/shop\/producto\/spirit-of-gamer-pack-teclado-rato-alfombrilla\/\" \/>\n<meta property=\"og:site_name\" content=\"Aivlisoft Inform\u00e1tica\" \/>\n<meta property=\"article:modified_time\" content=\"2025-01-15T10:41:39+00:00\" \/>\n<meta property=\"og:image\" content=\"https:\/\/aivlisoft.net\/shop\/wp-content\/uploads\/2025\/01\/FTRCTR0228_800.jpg\" \/>\n\t<meta property=\"og:image:width\" content=\"800\" \/>\n\t<meta property=\"og:image:height\" content=\"800\" \/>\n\t<meta property=\"og:image:type\" content=\"image\/jpeg\" \/>\n<meta name=\"twitter:card\" content=\"summary_large_image\" \/>\n<meta name=\"twitter:label1\" content=\"Tiempo de lectura\" \/>\n\t<meta name=\"twitter:data1\" content=\"1 minuto\" \/>\n<script type=\"application\/ld+json\" class=\"yoast-schema-graph\">{\"@context\":\"https:\/\/schema.org\",\"@graph\":[{\"@type\":\"WebPage\",\"@id\":\"https:\/\/aivlisoft.net\/shop\/producto\/spirit-of-gamer-pack-teclado-rato-alfombrilla\/\",\"url\":\"https:\/\/aivlisoft.net\/shop\/producto\/spirit-of-gamer-pack-teclado-rato-alfombrilla\/\",\"name\":\"Spirit of Gamer Pack Teclado+ Rato+ Alfombrilla - Aivlisoft Inform\u00e1tica\",\"isPartOf\":{\"@id\":\"https:\/\/aivlisoft.net\/shop\/#website\"},\"primaryImageOfPage\":{\"@id\":\"https:\/\/aivlisoft.net\/shop\/producto\/spirit-of-gamer-pack-teclado-rato-alfombrilla\/#primaryimage\"},\"image\":{\"@id\":\"https:\/\/aivlisoft.net\/shop\/producto\/spirit-of-gamer-pack-teclado-rato-alfombrilla\/#primaryimage\"},\"thumbnailUrl\":\"https:\/\/aivlisoft.net\/shop\/wp-content\/uploads\/2025\/01\/FTRCTR0228_800.jpg\",\"datePublished\":\"2025-01-13T14:07:36+00:00\",\"dateModified\":\"2025-01-15T10:41:39+00:00\",\"breadcrumb\":{\"@id\":\"https:\/\/aivlisoft.net\/shop\/producto\/spirit-of-gamer-pack-teclado-rato-alfombrilla\/#breadcrumb\"},\"inLanguage\":\"es\",\"potentialAction\":[{\"@type\":\"ReadAction\",\"target\":[\"https:\/\/aivlisoft.net\/shop\/producto\/spirit-of-gamer-pack-teclado-rato-alfombrilla\/\"]}]},{\"@type\":\"ImageObject\",\"inLanguage\":\"es\",\"@id\":\"https:\/\/aivlisoft.net\/shop\/producto\/spirit-of-gamer-pack-teclado-rato-alfombrilla\/#primaryimage\",\"url\":\"https:\/\/aivlisoft.net\/shop\/wp-content\/uploads\/2025\/01\/FTRCTR0228_800.jpg\",\"contentUrl\":\"https:\/\/aivlisoft.net\/shop\/wp-content\/uploads\/2025\/01\/FTRCTR0228_800.jpg\",\"width\":800,\"height\":800},{\"@type\":\"BreadcrumbList\",\"@id\":\"https:\/\/aivlisoft.net\/shop\/producto\/spirit-of-gamer-pack-teclado-rato-alfombrilla\/#breadcrumb\",\"itemListElement\":[{\"@type\":\"ListItem\",\"position\":1,\"name\":\"Portada\",\"item\":\"https:\/\/aivlisoft.net\/shop\/\"},{\"@type\":\"ListItem\",\"position\":2,\"name\":\"Tienda\",\"item\":\"https:\/\/aivlisoft.net\/shop\/tienda\/\"},{\"@type\":\"ListItem\",\"position\":3,\"name\":\"Spirit of Gamer Pack Teclado+ Rato+ Alfombrilla\"}]},{\"@type\":\"WebSite\",\"@id\":\"https:\/\/aivlisoft.net\/shop\/#website\",\"url\":\"https:\/\/aivlisoft.net\/shop\/\",\"name\":\"Aivlisoft Inform\u00e1tica\",\"description\":\"En Aivlisoft Inform\u00e1tica ofrecemos soluciones tecnol\u00f3gicas para empresas: venta de ordenadores, consumibles, perif\u00e9ricos y m\u00e1s. Calidad, atenci\u00f3n personalizada y los mejores precios para tu negocio.\",\"publisher\":{\"@id\":\"https:\/\/aivlisoft.net\/shop\/#organization\"},\"potentialAction\":[{\"@type\":\"SearchAction\",\"target\":{\"@type\":\"EntryPoint\",\"urlTemplate\":\"https:\/\/aivlisoft.net\/shop\/?s={search_term_string}\"},\"query-input\":{\"@type\":\"PropertyValueSpecification\",\"valueRequired\":true,\"valueName\":\"search_term_string\"}}],\"inLanguage\":\"es\"},{\"@type\":\"Organization\",\"@id\":\"https:\/\/aivlisoft.net\/shop\/#organization\",\"name\":\"Aivlisoft Inform\u00e1tica\",\"url\":\"https:\/\/aivlisoft.net\/shop\/\",\"logo\":{\"@type\":\"ImageObject\",\"inLanguage\":\"es\",\"@id\":\"https:\/\/aivlisoft.net\/shop\/#\/schema\/logo\/image\/\",\"url\":\"https:\/\/aivlisoft.net\/shop\/wp-content\/uploads\/2024\/12\/removal.ai_5b848c54-0cdf-4140-95c5-c5536bb7573b-logodef.png\",\"contentUrl\":\"https:\/\/aivlisoft.net\/shop\/wp-content\/uploads\/2024\/12\/removal.ai_5b848c54-0cdf-4140-95c5-c5536bb7573b-logodef.png\",\"width\":484,\"height\":182,\"caption\":\"Aivlisoft Inform\u00e1tica\"},\"image\":{\"@id\":\"https:\/\/aivlisoft.net\/shop\/#\/schema\/logo\/image\/\"}}]}<\/script>\n<!-- \/ Yoast SEO plugin. -->","yoast_head_json":{"title":"Spirit of Gamer Pack Teclado+ Rato+ Alfombrilla - Aivlisoft Inform\u00e1tica","robots":{"index":"index","follow":"follow","max-snippet":"max-snippet:-1","max-image-preview":"max-image-preview:large","max-video-preview":"max-video-preview:-1"},"canonical":"https:\/\/aivlisoft.net\/shop\/producto\/spirit-of-gamer-pack-teclado-rato-alfombrilla\/","og_locale":"es_ES","og_type":"article","og_title":"Spirit of Gamer Pack Teclado+ Rato+ Alfombrilla - Aivlisoft Inform\u00e1tica","og_description":"Marca Spirit of Game Modelo SOG-3IN1-ES Teclado &#8211; 2 x teclas especiales Volumen +\/- &#8211; 4 x teclas especiales Juego (Macro programable) &#8211; 26 x Toques Antighosting &#8211; 105 teclas semimec&aacute;nicas de membrana &#8211; Accesorios multimedia 12 &#8211; Cuchillo integrado &#8211; Est&aacute;ndar AZERTY Francia &#8211; Longitud del cable USB 1,6 metros &#8211; Marco de pl&aacute;stico&hellip;&nbsp;Spirit of Gamer Pack Teclado+ Rato+ Alfombrilla","og_url":"https:\/\/aivlisoft.net\/shop\/producto\/spirit-of-gamer-pack-teclado-rato-alfombrilla\/","og_site_name":"Aivlisoft Inform\u00e1tica","article_modified_time":"2025-01-15T10:41:39+00:00","og_image":[{"width":800,"height":800,"url":"https:\/\/aivlisoft.net\/shop\/wp-content\/uploads\/2025\/01\/FTRCTR0228_800.jpg","type":"image\/jpeg"}],"twitter_card":"summary_large_image","twitter_misc":{"Tiempo de lectura":"1 minuto"},"schema":{"@context":"https:\/\/schema.org","@graph":[{"@type":"WebPage","@id":"https:\/\/aivlisoft.net\/shop\/producto\/spirit-of-gamer-pack-teclado-rato-alfombrilla\/","url":"https:\/\/aivlisoft.net\/shop\/producto\/spirit-of-gamer-pack-teclado-rato-alfombrilla\/","name":"Spirit of Gamer Pack Teclado+ Rato+ Alfombrilla - Aivlisoft Inform\u00e1tica","isPartOf":{"@id":"https:\/\/aivlisoft.net\/shop\/#website"},"primaryImageOfPage":{"@id":"https:\/\/aivlisoft.net\/shop\/producto\/spirit-of-gamer-pack-teclado-rato-alfombrilla\/#primaryimage"},"image":{"@id":"https:\/\/aivlisoft.net\/shop\/producto\/spirit-of-gamer-pack-teclado-rato-alfombrilla\/#primaryimage"},"thumbnailUrl":"https:\/\/aivlisoft.net\/shop\/wp-content\/uploads\/2025\/01\/FTRCTR0228_800.jpg","datePublished":"2025-01-13T14:07:36+00:00","dateModified":"2025-01-15T10:41:39+00:00","breadcrumb":{"@id":"https:\/\/aivlisoft.net\/shop\/producto\/spirit-of-gamer-pack-teclado-rato-alfombrilla\/#breadcrumb"},"inLanguage":"es","potentialAction":[{"@type":"ReadAction","target":["https:\/\/aivlisoft.net\/shop\/producto\/spirit-of-gamer-pack-teclado-rato-alfombrilla\/"]}]},{"@type":"ImageObject","inLanguage":"es","@id":"https:\/\/aivlisoft.net\/shop\/producto\/spirit-of-gamer-pack-teclado-rato-alfombrilla\/#primaryimage","url":"https:\/\/aivlisoft.net\/shop\/wp-content\/uploads\/2025\/01\/FTRCTR0228_800.jpg","contentUrl":"https:\/\/aivlisoft.net\/shop\/wp-content\/uploads\/2025\/01\/FTRCTR0228_800.jpg","width":800,"height":800},{"@type":"BreadcrumbList","@id":"https:\/\/aivlisoft.net\/shop\/producto\/spirit-of-gamer-pack-teclado-rato-alfombrilla\/#breadcrumb","itemListElement":[{"@type":"ListItem","position":1,"name":"Portada","item":"https:\/\/aivlisoft.net\/shop\/"},{"@type":"ListItem","position":2,"name":"Tienda","item":"https:\/\/aivlisoft.net\/shop\/tienda\/"},{"@type":"ListItem","position":3,"name":"Spirit of Gamer Pack Teclado+ Rato+ Alfombrilla"}]},{"@type":"WebSite","@id":"https:\/\/aivlisoft.net\/shop\/#website","url":"https:\/\/aivlisoft.net\/shop\/","name":"Aivlisoft Inform\u00e1tica","description":"En Aivlisoft Inform\u00e1tica ofrecemos soluciones tecnol\u00f3gicas para empresas: venta de ordenadores, consumibles, perif\u00e9ricos y m\u00e1s. Calidad, atenci\u00f3n personalizada y los mejores precios para tu negocio.","publisher":{"@id":"https:\/\/aivlisoft.net\/shop\/#organization"},"potentialAction":[{"@type":"SearchAction","target":{"@type":"EntryPoint","urlTemplate":"https:\/\/aivlisoft.net\/shop\/?s={search_term_string}"},"query-input":{"@type":"PropertyValueSpecification","valueRequired":true,"valueName":"search_term_string"}}],"inLanguage":"es"},{"@type":"Organization","@id":"https:\/\/aivlisoft.net\/shop\/#organization","name":"Aivlisoft Inform\u00e1tica","url":"https:\/\/aivlisoft.net\/shop\/","logo":{"@type":"ImageObject","inLanguage":"es","@id":"https:\/\/aivlisoft.net\/shop\/#\/schema\/logo\/image\/","url":"https:\/\/aivlisoft.net\/shop\/wp-content\/uploads\/2024\/12\/removal.ai_5b848c54-0cdf-4140-95c5-c5536bb7573b-logodef.png","contentUrl":"https:\/\/aivlisoft.net\/shop\/wp-content\/uploads\/2024\/12\/removal.ai_5b848c54-0cdf-4140-95c5-c5536bb7573b-logodef.png","width":484,"height":182,"caption":"Aivlisoft Inform\u00e1tica"},"image":{"@id":"https:\/\/aivlisoft.net\/shop\/#\/schema\/logo\/image\/"}}]}},"_links":{"self":[{"href":"https:\/\/aivlisoft.net\/shop\/wp-json\/wp\/v2\/product\/10712","targetHints":{"allow":["GET"]}}],"collection":[{"href":"https:\/\/aivlisoft.net\/shop\/wp-json\/wp\/v2\/product"}],"about":[{"href":"https:\/\/aivlisoft.net\/shop\/wp-json\/wp\/v2\/types\/product"}],"wp:featuredmedia":[{"embeddable":true,"href":"https:\/\/aivlisoft.net\/shop\/wp-json\/wp\/v2\/media\/10713"}],"wp:attachment":[{"href":"https:\/\/aivlisoft.net\/shop\/wp-json\/wp\/v2\/media?parent=10712"}],"wp:term":[{"taxonomy":"product_brand","embeddable":true,"href":"https:\/\/aivlisoft.net\/shop\/wp-json\/wp\/v2\/product_brand?post=10712"},{"taxonomy":"product_cat","embeddable":true,"href":"https:\/\/aivlisoft.net\/shop\/wp-json\/wp\/v2\/product_cat?post=10712"},{"taxonomy":"product_tag","embeddable":true,"href":"https:\/\/aivlisoft.net\/shop\/wp-json\/wp\/v2\/product_tag?post=10712"}],"curies":[{"name":"wp","href":"https:\/\/api.w.org\/{rel}","templated":true}]}}